{"id":1401,"date":"2018-10-18T20:43:03","date_gmt":"2018-10-18T23:43:03","guid":{"rendered":"http:\/\/biblio1.mdp.edu.ar\/centro-ventas\/?post_type=product&#038;p=1401"},"modified":"2025-09-01T18:19:16","modified_gmt":"2025-09-01T21:19:16","slug":"indizacion-y-clasificacion-en-bibliotecas","status":"publish","type":"product","link":"https:\/\/biblio1.mdp.edu.ar\/centro-ventas\/producto\/indizacion-y-clasificacion-en-bibliotecas\/","title":{"rendered":"Indizaci\u00f3n y clasificaci\u00f3n en bibliotecas"},"content":{"rendered":"<div class=\"container\">\n<div class=\"right-detail content-tab col-md-8 col-sm-12 col-xs-12 book-center\">\n<div id=\"over-view\" class=\"book-desc-detail book-tab-show\">\n<p>El libro Indizaci\u00f3n y clasificaci\u00f3n en bibliotecas es una obra de nivel introductorio, destinada a estudiantes de las asignaturas pertinentes a estos temas de Organizaci\u00f3n del Conocimiento y a colegas que se inician en dichas pr\u00e1cticas profesionales. Se orienta a las bibliotecas generales, principalmente p\u00fablicas, aunque puede ser de utilidad en bibliotecas de otro tipo. Su contenido se centra en la indizaci\u00f3n precoordi-nada con ep\u00edgrafes o encabezamientos de materia y en la clasificaci\u00f3n con sistemas generales o universales. Las autoras cuentan con experiencia en procesos t\u00e9cnicos y trayectoria docente en la Rep\u00fablica Argentina. Aunque la obra puede mostrar cierta influencia de las pr\u00e1cticas bibliotecarias y los sistemas de organizaci\u00f3n del conocimiento m\u00e1s difundidos en el medio bibliotecol\u00f3gico argentino, se trata de t\u00e9cnicas y sistemas aplicados com\u00fanmente en las bibliotecas de cualquier pa\u00eds de lengua espa\u00f1ola, de modo que los colegas de pa\u00edses latinoamericanos y Espa\u00f1a pueden encontrar aqu\u00ed una gu\u00eda para la organizaci\u00f3n del conocimiento en sus bibliotecas. El libro tambi\u00e9n hace menci\u00f3n a los aspectos relacionados con la calidad y la \u00e9tica de la organizaci\u00f3n del conocimiento e intenta introducir al lector en una nueva terminolog\u00eda para actividades bibliotecarias varias veces milenarias. Queda ahora en el buen juicio de los colegas la aceptaci\u00f3n de este aporte. Ana Mar\u00eda Mart\u00ednez Tamayo; Julia C. Vald\u00e9z. 9789871305414<\/p>\n<\/div>\n<\/div>\n<\/div>\n<div class=\"container border\"><\/div>\n","protected":false},"excerpt":{"rendered":"<p>El libro Indizaci\u00f3n y clasificaci\u00f3n en bibliotecas es una obra de nivel introductorio, destinada a estudiantes de las asignaturas pertinentes a estos temas de Organizaci\u00f3n del Conocimiento y a colegas que se inician en dichas pr\u00e1cticas profesionales. Se orienta a las bibliotecas generales, principalmente p\u00fablicas, aunque puede ser de utilidad en bibliotecas de otro tipo. [&hellip;]<\/p>\n","protected":false},"featured_media":1402,"template":"","meta":{"_acf_changed":false,"_eb_attr":"","_crdt_document":"","_uag_custom_page_level_css":"","_editorskit_title_hidden":false,"_editorskit_reading_time":0,"_editorskit_is_block_options_detached":false,"_editorskit_block_options_position":"{}","site-sidebar-layout":"default","site-content-layout":"","ast-site-content-layout":"default","site-content-style":"default","site-sidebar-style":"default","ast-global-header-display":"","ast-banner-title-visibility":"","ast-main-header-display":"","ast-hfb-above-header-display":"","ast-hfb-below-header-display":"","ast-hfb-mobile-header-display":"","site-post-title":"","ast-breadcrumbs-content":"","ast-featured-img":"","footer-sml-layout":"","ast-disable-related-posts":"","theme-transparent-header-meta":"","adv-header-id-meta":"","stick-header-meta":"","header-above-stick-meta":"","header-main-stick-meta":"","header-below-stick-meta":"","astra-migrate-meta-layouts":"default","ast-page-background-enabled":"default","ast-page-background-meta":{"desktop":{"background-color":"var(--ast-global-color-4)","background-image":"","background-repeat":"repeat","background-position":"center center","background-size":"auto","background-attachment":"scroll","background-type":"","background-media":"","overlay-type":"","overlay-color":"","overlay-opacity":"","overlay-gradient":""},"tablet":{"background-color":"","background-image":"","background-repeat":"repeat","background-position":"center center","background-size":"auto","background-attachment":"scroll","background-type":"","background-media":"","overlay-type":"","overlay-color":"","overlay-opacity":"","overlay-gradient":""},"mobile":{"background-color":"","background-image":"","background-repeat":"repeat","background-position":"center center","background-size":"auto","background-attachment":"scroll","background-type":"","background-media":"","overlay-type":"","overlay-color":"","overlay-opacity":"","overlay-gradient":""}},"ast-content-background-meta":{"desktop":{"background-color":"var(--ast-global-color-5)","background-image":"","background-repeat":"repeat","background-position":"center center","background-size":"auto","background-attachment":"scroll","background-type":"","background-media":"","overlay-type":"","overlay-color":"","overlay-opacity":"","overlay-gradient":""},"tablet":{"background-color":"var(--ast-global-color-5)","background-image":"","background-repeat":"repeat","background-position":"center center","background-size":"auto","background-attachment":"scroll","background-type":"","background-media":"","overlay-type":"","overlay-color":"","overlay-opacity":"","overlay-gradient":""},"mobile":{"background-color":"var(--ast-global-color-5)","background-image":"","background-repeat":"repeat","background-position":"center center","background-size":"auto","background-attachment":"scroll","background-type":"","background-media":"","overlay-type":"","overlay-color":"","overlay-opacity":"","overlay-gradient":""}}},"product_cat":[74,28],"product_tag":[],"class_list":{"0":"post-1401","1":"product","2":"type-product","3":"status-publish","4":"has-post-thumbnail","6":"product_cat-alfagrama","7":"product_cat-libro","8":"desktop-align-left","9":"tablet-align-left","10":"mobile-align-left","12":"first","13":"instock","14":"shipping-taxable","15":"purchasable","16":"product-type-simple"},"acf":[],"uagb_featured_image_src":{"full":["https:\/\/biblio1.mdp.edu.ar\/centro-ventas\/wp-content\/uploads\/sites\/2\/2018\/10\/Indizaci\u00f3n9789871305414_T.jpg",370,535,false],"thumbnail":["https:\/\/biblio1.mdp.edu.ar\/centro-ventas\/wp-content\/uploads\/sites\/2\/2018\/10\/Indizaci\u00f3n9789871305414_T-150x150.jpg",150,150,true],"medium":["https:\/\/biblio1.mdp.edu.ar\/centro-ventas\/wp-content\/uploads\/sites\/2\/2018\/10\/Indizaci\u00f3n9789871305414_T-207x300.jpg",207,300,true],"medium_large":["https:\/\/biblio1.mdp.edu.ar\/centro-ventas\/wp-content\/uploads\/sites\/2\/2018\/10\/Indizaci\u00f3n9789871305414_T.jpg",370,535,false],"large":["https:\/\/biblio1.mdp.edu.ar\/centro-ventas\/wp-content\/uploads\/sites\/2\/2018\/10\/Indizaci\u00f3n9789871305414_T.jpg",370,535,false],"1536x1536":["https:\/\/biblio1.mdp.edu.ar\/centro-ventas\/wp-content\/uploads\/sites\/2\/2018\/10\/Indizaci\u00f3n9789871305414_T.jpg",370,535,false],"2048x2048":["https:\/\/biblio1.mdp.edu.ar\/centro-ventas\/wp-content\/uploads\/sites\/2\/2018\/10\/Indizaci\u00f3n9789871305414_T.jpg",370,535,false],"woocommerce_thumbnail":["https:\/\/biblio1.mdp.edu.ar\/centro-ventas\/wp-content\/uploads\/sites\/2\/2018\/10\/Indizaci\u00f3n9789871305414_T-250x361.jpg",250,361,true],"woocommerce_single":["https:\/\/biblio1.mdp.edu.ar\/centro-ventas\/wp-content\/uploads\/sites\/2\/2018\/10\/Indizaci\u00f3n9789871305414_T.jpg",370,535,false],"woocommerce_gallery_thumbnail":["https:\/\/biblio1.mdp.edu.ar\/centro-ventas\/wp-content\/uploads\/sites\/2\/2018\/10\/Indizaci\u00f3n9789871305414_T-100x100.jpg",100,100,true]},"uagb_author_info":{"display_name":"Cristina Bernabe","author_link":"https:\/\/biblio1.mdp.edu.ar\/centro-ventas\/author\/"},"uagb_comment_info":0,"uagb_excerpt":"El libro Indizaci\u00f3n y clasificaci\u00f3n en bibliotecas es una obra de nivel introductorio, destinada a estudiantes de las asignaturas pertinentes a estos temas de Organizaci\u00f3n del Conocimiento y a colegas que se inician en dichas pr\u00e1cticas profesionales. Se orienta a las bibliotecas generales, principalmente p\u00fablicas, aunque puede ser de utilidad en bibliotecas de otro tipo.&hellip;","_links":{"self":[{"href":"https:\/\/biblio1.mdp.edu.ar\/centro-ventas\/wp-json\/wp\/v2\/product\/1401","targetHints":{"allow":["GET"]}}],"collection":[{"href":"https:\/\/biblio1.mdp.edu.ar\/centro-ventas\/wp-json\/wp\/v2\/product"}],"about":[{"href":"https:\/\/biblio1.mdp.edu.ar\/centro-ventas\/wp-json\/wp\/v2\/types\/product"}],"wp:featuredmedia":[{"embeddable":true,"href":"https:\/\/biblio1.mdp.edu.ar\/centro-ventas\/wp-json\/wp\/v2\/media\/1402"}],"wp:attachment":[{"href":"https:\/\/biblio1.mdp.edu.ar\/centro-ventas\/wp-json\/wp\/v2\/media?parent=1401"}],"wp:term":[{"taxonomy":"product_cat","embeddable":true,"href":"https:\/\/biblio1.mdp.edu.ar\/centro-ventas\/wp-json\/wp\/v2\/product_cat?post=1401"},{"taxonomy":"product_tag","embeddable":true,"href":"https:\/\/biblio1.mdp.edu.ar\/centro-ventas\/wp-json\/wp\/v2\/product_tag?post=1401"}],"curies":[{"name":"wp","href":"https:\/\/api.w.org\/{rel}","templated":true}]}}