{"id":1399,"date":"2018-10-18T20:40:15","date_gmt":"2018-10-18T23:40:15","guid":{"rendered":"http:\/\/biblio1.mdp.edu.ar\/centro-ventas\/?post_type=product&#038;p=1399"},"modified":"2025-09-01T18:19:03","modified_gmt":"2025-09-01T21:19:03","slug":"indicadores-para-la-gestion-de-conservacion-en-museos-archivos-y-bibliotecas","status":"publish","type":"product","link":"https:\/\/biblio1.mdp.edu.ar\/centro-ventas\/producto\/indicadores-para-la-gestion-de-conservacion-en-museos-archivos-y-bibliotecas\/","title":{"rendered":"Indicadores para la gesti\u00f3n de conservaci\u00f3n &#8211; \u00a0En museos, archivos y bibliotecas.\u00a0"},"content":{"rendered":"<p><span style=\"font-size: 1rem;line-height: 1.66\">La conservaci\u00f3n de las colecciones de bienes patrimoniales es un problema compartido por museos, bibliotecas y archivos de todo tipo y tama\u00f1o. Los documentos, el material bibliogr\u00e1fico, las obras de arte y los objetos hist\u00f3ricos en general, se deterioran debido a los mismos factores: el trato que reciben, las caracter\u00edsticas del ambiente en que se encuentran y las de sus materiales constituyentes. Cuando el conservador considera estas variables para manipularlas e intentar detener -o al menos demorar- su efecto destructivo, recurre a diagn\u00f3sticos del estado de los objetos y eval\u00faa los riesgos a que est\u00e1n expuestos. Analizando esa informaci\u00f3n define qu\u00e9 acciones y recursos son necesarios para asegurarles protecci\u00f3n y estabilidad. Siempre resultar\u00e1 una extensa lista de necesidades: adecuaci\u00f3n del edificio, rutinas para su mantenimiento, control de riesgos, acondicionamiento de cada objeto, evaluaci\u00f3n de resultados, capacitaci\u00f3n continua del personal, gesti\u00f3n de recursos, etc. El Plan de Conservaci\u00f3n es la herramienta para organizar la secuencia y la trama de las actividades, fijar prioridades y establecer responsables. Su gesti\u00f3n es imprescindible para asegurar el uso eficaz de los recursos. Este libro se constituye as\u00ed en un documento in\u00e9dito y fundamental para asistir al conservador y acompa\u00f1arlo en la elaboraci\u00f3n y monitoreo de planes integrales de conservaci\u00f3n para museos, bibliotecas y archivos. H\u00e9ctor Zamorano. 9789871305421<\/span><\/p>\n<div class=\"container border\"><\/div>\n","protected":false},"excerpt":{"rendered":"<p>La conservaci\u00f3n de las colecciones de bienes patrimoniales es un problema compartido por museos, bibliotecas y archivos de todo tipo y tama\u00f1o. Los documentos, el material bibliogr\u00e1fico, las obras de arte y los objetos hist\u00f3ricos en general, se deterioran debido a los mismos factores: el trato que reciben, las caracter\u00edsticas del ambiente en que se [&hellip;]<\/p>\n","protected":false},"featured_media":1400,"template":"","meta":{"_acf_changed":false,"_eb_attr":"","_crdt_document":"","_uag_custom_page_level_css":"","_editorskit_title_hidden":false,"_editorskit_reading_time":0,"_editorskit_is_block_options_detached":false,"_editorskit_block_options_position":"{}","site-sidebar-layout":"default","site-content-layout":"","ast-site-content-layout":"default","site-content-style":"default","site-sidebar-style":"default","ast-global-header-display":"","ast-banner-title-visibility":"","ast-main-header-display":"","ast-hfb-above-header-display":"","ast-hfb-below-header-display":"","ast-hfb-mobile-header-display":"","site-post-title":"","ast-breadcrumbs-content":"","ast-featured-img":"","footer-sml-layout":"","ast-disable-related-posts":"","theme-transparent-header-meta":"","adv-header-id-meta":"","stick-header-meta":"","header-above-stick-meta":"","header-main-stick-meta":"","header-below-stick-meta":"","astra-migrate-meta-layouts":"default","ast-page-background-enabled":"default","ast-page-background-meta":{"desktop":{"background-color":"var(--ast-global-color-4)","background-image":"","background-repeat":"repeat","background-position":"center center","background-size":"auto","background-attachment":"scroll","background-type":"","background-media":"","overlay-type":"","overlay-color":"","overlay-opacity":"","overlay-gradient":""},"tablet":{"background-color":"","background-image":"","background-repeat":"repeat","background-position":"center center","background-size":"auto","background-attachment":"scroll","background-type":"","background-media":"","overlay-type":"","overlay-color":"","overlay-opacity":"","overlay-gradient":""},"mobile":{"background-color":"","background-image":"","background-repeat":"repeat","background-position":"center center","background-size":"auto","background-attachment":"scroll","background-type":"","background-media":"","overlay-type":"","overlay-color":"","overlay-opacity":"","overlay-gradient":""}},"ast-content-background-meta":{"desktop":{"background-color":"var(--ast-global-color-5)","background-image":"","background-repeat":"repeat","background-position":"center center","background-size":"auto","background-attachment":"scroll","background-type":"","background-media":"","overlay-type":"","overlay-color":"","overlay-opacity":"","overlay-gradient":""},"tablet":{"background-color":"var(--ast-global-color-5)","background-image":"","background-repeat":"repeat","background-position":"center center","background-size":"auto","background-attachment":"scroll","background-type":"","background-media":"","overlay-type":"","overlay-color":"","overlay-opacity":"","overlay-gradient":""},"mobile":{"background-color":"var(--ast-global-color-5)","background-image":"","background-repeat":"repeat","background-position":"center center","background-size":"auto","background-attachment":"scroll","background-type":"","background-media":"","overlay-type":"","overlay-color":"","overlay-opacity":"","overlay-gradient":""}}},"product_cat":[74,28],"product_tag":[84,94],"class_list":{"0":"post-1399","1":"product","2":"type-product","3":"status-publish","4":"has-post-thumbnail","6":"product_cat-alfagrama","7":"product_cat-libro","8":"product_tag-bibliotecologia","9":"product_tag-conservacion","10":"desktop-align-left","11":"tablet-align-left","12":"mobile-align-left","14":"first","15":"instock","16":"shipping-taxable","17":"purchasable","18":"product-type-simple"},"acf":[],"uagb_featured_image_src":{"full":["https:\/\/biblio1.mdp.edu.ar\/centro-ventas\/wp-content\/uploads\/sites\/2\/2018\/10\/indiscadores9789871305421_T.jpg",370,532,false],"thumbnail":["https:\/\/biblio1.mdp.edu.ar\/centro-ventas\/wp-content\/uploads\/sites\/2\/2018\/10\/indiscadores9789871305421_T-150x150.jpg",150,150,true],"medium":["https:\/\/biblio1.mdp.edu.ar\/centro-ventas\/wp-content\/uploads\/sites\/2\/2018\/10\/indiscadores9789871305421_T-209x300.jpg",209,300,true],"medium_large":["https:\/\/biblio1.mdp.edu.ar\/centro-ventas\/wp-content\/uploads\/sites\/2\/2018\/10\/indiscadores9789871305421_T.jpg",370,532,false],"large":["https:\/\/biblio1.mdp.edu.ar\/centro-ventas\/wp-content\/uploads\/sites\/2\/2018\/10\/indiscadores9789871305421_T.jpg",370,532,false],"1536x1536":["https:\/\/biblio1.mdp.edu.ar\/centro-ventas\/wp-content\/uploads\/sites\/2\/2018\/10\/indiscadores9789871305421_T.jpg",370,532,false],"2048x2048":["https:\/\/biblio1.mdp.edu.ar\/centro-ventas\/wp-content\/uploads\/sites\/2\/2018\/10\/indiscadores9789871305421_T.jpg",370,532,false],"woocommerce_thumbnail":["https:\/\/biblio1.mdp.edu.ar\/centro-ventas\/wp-content\/uploads\/sites\/2\/2018\/10\/indiscadores9789871305421_T-250x359.jpg",250,359,true],"woocommerce_single":["https:\/\/biblio1.mdp.edu.ar\/centro-ventas\/wp-content\/uploads\/sites\/2\/2018\/10\/indiscadores9789871305421_T.jpg",370,532,false],"woocommerce_gallery_thumbnail":["https:\/\/biblio1.mdp.edu.ar\/centro-ventas\/wp-content\/uploads\/sites\/2\/2018\/10\/indiscadores9789871305421_T-100x100.jpg",100,100,true]},"uagb_author_info":{"display_name":"Cristina Bernabe","author_link":"https:\/\/biblio1.mdp.edu.ar\/centro-ventas\/author\/"},"uagb_comment_info":0,"uagb_excerpt":"La conservaci\u00f3n de las colecciones de bienes patrimoniales es un problema compartido por museos, bibliotecas y archivos de todo tipo y tama\u00f1o. Los documentos, el material bibliogr\u00e1fico, las obras de arte y los objetos hist\u00f3ricos en general, se deterioran debido a los mismos factores: el trato que reciben, las caracter\u00edsticas del ambiente en que se&hellip;","_links":{"self":[{"href":"https:\/\/biblio1.mdp.edu.ar\/centro-ventas\/wp-json\/wp\/v2\/product\/1399","targetHints":{"allow":["GET"]}}],"collection":[{"href":"https:\/\/biblio1.mdp.edu.ar\/centro-ventas\/wp-json\/wp\/v2\/product"}],"about":[{"href":"https:\/\/biblio1.mdp.edu.ar\/centro-ventas\/wp-json\/wp\/v2\/types\/product"}],"wp:featuredmedia":[{"embeddable":true,"href":"https:\/\/biblio1.mdp.edu.ar\/centro-ventas\/wp-json\/wp\/v2\/media\/1400"}],"wp:attachment":[{"href":"https:\/\/biblio1.mdp.edu.ar\/centro-ventas\/wp-json\/wp\/v2\/media?parent=1399"}],"wp:term":[{"taxonomy":"product_cat","embeddable":true,"href":"https:\/\/biblio1.mdp.edu.ar\/centro-ventas\/wp-json\/wp\/v2\/product_cat?post=1399"},{"taxonomy":"product_tag","embeddable":true,"href":"https:\/\/biblio1.mdp.edu.ar\/centro-ventas\/wp-json\/wp\/v2\/product_tag?post=1399"}],"curies":[{"name":"wp","href":"https:\/\/api.w.org\/{rel}","templated":true}]}}