{"id":1368,"date":"2018-10-12T21:58:25","date_gmt":"2018-10-13T00:58:25","guid":{"rendered":"http:\/\/biblio1.mdp.edu.ar\/centro-ventas\/?post_type=product&#038;p=1368"},"modified":"2025-09-01T18:10:23","modified_gmt":"2025-09-01T21:10:23","slug":"diccionario-de-archivistica-en-espanol","status":"publish","type":"product","link":"https:\/\/biblio1.mdp.edu.ar\/centro-ventas\/producto\/diccionario-de-archivistica-en-espanol\/","title":{"rendered":"Diccionario de archiv\u00edstica en espa\u00f1ol"},"content":{"rendered":"<p>El Diccionario de Archiv\u00edstica en espa\u00f1ol de Mar\u00eda del Carmen Mastropierro viene a cubrir un espacio largo tiempo reclamado en nuestro \u00e1mbito profesional, el de obras lexicogr\u00e1ficas que nos ayuden a fijar los t\u00e9rminos y los conceptos de nuestra \u00e1rea de conocimiento y actividad. En esta ocasi\u00f3n se trata de una obra individual, dentro de la l\u00ednea de publicaciones tan fecunda de la autora, en la que se fijan los conceptos de cerca de mil quinientas voces, lo que supone un esfuerzo muy apreciable y un trabajo de consideraci\u00f3n. La Archiv\u00edstica en general y la producci\u00f3n bibliogr\u00e1fica en lengua espa\u00f1ola, en particular, denotan una escasez clamorosa de obras de este tipo. Desde el famoso Dictionary of Archival Terminology del Consejo Internacional de Archivos (1984 y 1988), pocas obras han visto la luz y menos a\u00fan en nuestra lengua. En esta ocasi\u00f3n se nos ofrece un trabajo amplio y bien nutrido de voces, a las que corresponden conceptos claros y f\u00e1ciles de comprender. El diccionario de Archiv\u00edstica que el lector tiene en sus manos posee una estructura que lo hace f\u00e1cil de manejar, permite conocer la frecuencia con que cada t\u00e9rmino aparece recogido en las obras sobre las que se basa, as\u00ed como su tipolog\u00eda. Facilidad y agilidad tantas veces a\u00f1oradas en obras de este tipo. S\u00f3lo me cabe dar la m\u00e1s sincera enhorabuena a la autora, que hago extensiva a la editorial Alfagrama por su esfuerzo mutuo; a la primera por sistematizar y sintetizar con su habitual profesionalidad y por la generosidad de compartir su conocimiento con todos nosotros, a la segunda por apostar valientemente por un \u00e1mbito tan necesitado de obras como \u00e9sta. Del pr\u00f3logo de Jos\u00e9 Ram\u00f3n Cruz Mundet. Mar\u00eda del Carmen Mastropierro. 9789871305322<\/p>\n","protected":false},"excerpt":{"rendered":"<p>El Diccionario de Archiv\u00edstica en espa\u00f1ol de Mar\u00eda del Carmen Mastropierro viene a cubrir un espacio largo tiempo reclamado en nuestro \u00e1mbito profesional, el de obras lexicogr\u00e1ficas que nos ayuden a fijar los t\u00e9rminos y los conceptos de nuestra \u00e1rea de conocimiento y actividad. En esta ocasi\u00f3n se trata de una obra individual, dentro de [&hellip;]<\/p>\n","protected":false},"featured_media":1369,"template":"","meta":{"_acf_changed":false,"_eb_attr":"","_crdt_document":"","_uag_custom_page_level_css":"","_editorskit_title_hidden":false,"_editorskit_reading_time":0,"_editorskit_is_block_options_detached":false,"_editorskit_block_options_position":"{}","site-sidebar-layout":"default","site-content-layout":"","ast-site-content-layout":"default","site-content-style":"default","site-sidebar-style":"default","ast-global-header-display":"","ast-banner-title-visibility":"","ast-main-header-display":"","ast-hfb-above-header-display":"","ast-hfb-below-header-display":"","ast-hfb-mobile-header-display":"","site-post-title":"","ast-breadcrumbs-content":"","ast-featured-img":"","footer-sml-layout":"","ast-disable-related-posts":"","theme-transparent-header-meta":"","adv-header-id-meta":"","stick-header-meta":"","header-above-stick-meta":"","header-main-stick-meta":"","header-below-stick-meta":"","astra-migrate-meta-layouts":"default","ast-page-background-enabled":"default","ast-page-background-meta":{"desktop":{"background-color":"var(--ast-global-color-4)","background-image":"","background-repeat":"repeat","background-position":"center center","background-size":"auto","background-attachment":"scroll","background-type":"","background-media":"","overlay-type":"","overlay-color":"","overlay-opacity":"","overlay-gradient":""},"tablet":{"background-color":"","background-image":"","background-repeat":"repeat","background-position":"center center","background-size":"auto","background-attachment":"scroll","background-type":"","background-media":"","overlay-type":"","overlay-color":"","overlay-opacity":"","overlay-gradient":""},"mobile":{"background-color":"","background-image":"","background-repeat":"repeat","background-position":"center center","background-size":"auto","background-attachment":"scroll","background-type":"","background-media":"","overlay-type":"","overlay-color":"","overlay-opacity":"","overlay-gradient":""}},"ast-content-background-meta":{"desktop":{"background-color":"var(--ast-global-color-5)","background-image":"","background-repeat":"repeat","background-position":"center center","background-size":"auto","background-attachment":"scroll","background-type":"","background-media":"","overlay-type":"","overlay-color":"","overlay-opacity":"","overlay-gradient":""},"tablet":{"background-color":"var(--ast-global-color-5)","background-image":"","background-repeat":"repeat","background-position":"center center","background-size":"auto","background-attachment":"scroll","background-type":"","background-media":"","overlay-type":"","overlay-color":"","overlay-opacity":"","overlay-gradient":""},"mobile":{"background-color":"var(--ast-global-color-5)","background-image":"","background-repeat":"repeat","background-position":"center center","background-size":"auto","background-attachment":"scroll","background-type":"","background-media":"","overlay-type":"","overlay-color":"","overlay-opacity":"","overlay-gradient":""}}},"product_cat":[74,28],"product_tag":[],"class_list":{"0":"post-1368","1":"product","2":"type-product","3":"status-publish","4":"has-post-thumbnail","6":"product_cat-alfagrama","7":"product_cat-libro","8":"desktop-align-left","9":"tablet-align-left","10":"mobile-align-left","12":"first","13":"instock","14":"shipping-taxable","15":"purchasable","16":"product-type-simple"},"acf":[],"uagb_featured_image_src":{"full":["https:\/\/biblio1.mdp.edu.ar\/centro-ventas\/wp-content\/uploads\/sites\/2\/2018\/10\/diccioArchEspa9789871305322_T.jpg",908,1322,false],"thumbnail":["https:\/\/biblio1.mdp.edu.ar\/centro-ventas\/wp-content\/uploads\/sites\/2\/2018\/10\/diccioArchEspa9789871305322_T-150x150.jpg",150,150,true],"medium":["https:\/\/biblio1.mdp.edu.ar\/centro-ventas\/wp-content\/uploads\/sites\/2\/2018\/10\/diccioArchEspa9789871305322_T-206x300.jpg",206,300,true],"medium_large":["https:\/\/biblio1.mdp.edu.ar\/centro-ventas\/wp-content\/uploads\/sites\/2\/2018\/10\/diccioArchEspa9789871305322_T-768x1118.jpg",768,1118,true],"large":["https:\/\/biblio1.mdp.edu.ar\/centro-ventas\/wp-content\/uploads\/sites\/2\/2018\/10\/diccioArchEspa9789871305322_T-703x1024.jpg",703,1024,true],"1536x1536":["https:\/\/biblio1.mdp.edu.ar\/centro-ventas\/wp-content\/uploads\/sites\/2\/2018\/10\/diccioArchEspa9789871305322_T.jpg",908,1322,false],"2048x2048":["https:\/\/biblio1.mdp.edu.ar\/centro-ventas\/wp-content\/uploads\/sites\/2\/2018\/10\/diccioArchEspa9789871305322_T.jpg",908,1322,false],"woocommerce_thumbnail":["https:\/\/biblio1.mdp.edu.ar\/centro-ventas\/wp-content\/uploads\/sites\/2\/2018\/10\/diccioArchEspa9789871305322_T-250x364.jpg",250,364,true],"woocommerce_single":["https:\/\/biblio1.mdp.edu.ar\/centro-ventas\/wp-content\/uploads\/sites\/2\/2018\/10\/diccioArchEspa9789871305322_T-703x1024.jpg",600,874,true],"woocommerce_gallery_thumbnail":["https:\/\/biblio1.mdp.edu.ar\/centro-ventas\/wp-content\/uploads\/sites\/2\/2018\/10\/diccioArchEspa9789871305322_T-100x100.jpg",100,100,true]},"uagb_author_info":{"display_name":"Cristina Bernabe","author_link":"https:\/\/biblio1.mdp.edu.ar\/centro-ventas\/author\/"},"uagb_comment_info":0,"uagb_excerpt":"El Diccionario de Archiv\u00edstica en espa\u00f1ol de Mar\u00eda del Carmen Mastropierro viene a cubrir un espacio largo tiempo reclamado en nuestro \u00e1mbito profesional, el de obras lexicogr\u00e1ficas que nos ayuden a fijar los t\u00e9rminos y los conceptos de nuestra \u00e1rea de conocimiento y actividad. En esta ocasi\u00f3n se trata de una obra individual, dentro de&hellip;","_links":{"self":[{"href":"https:\/\/biblio1.mdp.edu.ar\/centro-ventas\/wp-json\/wp\/v2\/product\/1368","targetHints":{"allow":["GET"]}}],"collection":[{"href":"https:\/\/biblio1.mdp.edu.ar\/centro-ventas\/wp-json\/wp\/v2\/product"}],"about":[{"href":"https:\/\/biblio1.mdp.edu.ar\/centro-ventas\/wp-json\/wp\/v2\/types\/product"}],"wp:featuredmedia":[{"embeddable":true,"href":"https:\/\/biblio1.mdp.edu.ar\/centro-ventas\/wp-json\/wp\/v2\/media\/1369"}],"wp:attachment":[{"href":"https:\/\/biblio1.mdp.edu.ar\/centro-ventas\/wp-json\/wp\/v2\/media?parent=1368"}],"wp:term":[{"taxonomy":"product_cat","embeddable":true,"href":"https:\/\/biblio1.mdp.edu.ar\/centro-ventas\/wp-json\/wp\/v2\/product_cat?post=1368"},{"taxonomy":"product_tag","embeddable":true,"href":"https:\/\/biblio1.mdp.edu.ar\/centro-ventas\/wp-json\/wp\/v2\/product_tag?post=1368"}],"curies":[{"name":"wp","href":"https:\/\/api.w.org\/{rel}","templated":true}]}}