{"id":1355,"date":"2018-10-12T20:41:52","date_gmt":"2018-10-12T23:41:52","guid":{"rendered":"http:\/\/biblio1.mdp.edu.ar\/centro-ventas\/?post_type=product&#038;p=1355"},"modified":"2025-09-01T17:42:14","modified_gmt":"2025-09-01T20:42:14","slug":"competencias-bibliotecarias-y-entorno-laboral","status":"publish","type":"product","link":"https:\/\/biblio1.mdp.edu.ar\/centro-ventas\/producto\/competencias-bibliotecarias-y-entorno-laboral\/","title":{"rendered":"Competencias bibliotecarias y entorno laboral"},"content":{"rendered":"<p>El presente libro, Competencias bibliotecarias y entorno laboral, no s\u00f3lo contempla, como su t\u00edtulo indica, las generalidades de la misi\u00f3n del bibliotecario para llegar a la comunidad con nuevos y mejores servicios, sino que aborda adem\u00e1s diferentes espacios donde el profesional puede aportar sus conocimientos. La elecci\u00f3n del tema surgi\u00f3 cuando en la literatura bibliotecaria, aqu\u00ed y en otras partes del mundo, se comenz\u00f3 a hablar de las nuevas competencias y habilidades de los bibliotecarios del siglo XXI. Por eso la primera pregunta fue si deb\u00edamos replantearnos la profesi\u00f3n y en qu\u00e9 sentido, d\u00f3nde estaba centrado nuestro trabajo y cu\u00e1l era nuestra esencia. \u00bfPodemos ir m\u00e1s all\u00e1 de las bibliotecas? \u00bfHa cambiado el \u00e1mbito de acci\u00f3n? \u00bfO solamente nos encontramos con otras alternativas para aplicar en la tarea diaria y en otros entornos? En la redacci\u00f3n de la obra se ha asumido el compromiso de que su contenido presente un panorama de situaci\u00f3n sobre las competencias bibliotecarias, y se ha tratado de mostrar que el profesional puede desempe\u00f1arse en diferentes sectores de la sociedad. En todo momento aparece la necesidad de trazar una perspectiva que eleve el nivel de reconocimiento y prestigio de esta profesi\u00f3n en la sociedad actual. Rosa Monfasani. 9789871305810<\/p>\n","protected":false},"excerpt":{"rendered":"<p>El presente libro, Competencias bibliotecarias y entorno laboral, no s\u00f3lo contempla, como su t\u00edtulo indica, las generalidades de la misi\u00f3n del bibliotecario para llegar a la comunidad con nuevos y mejores servicios, sino que aborda adem\u00e1s diferentes espacios donde el profesional puede aportar sus conocimientos. La elecci\u00f3n del tema surgi\u00f3 cuando en la literatura bibliotecaria, [&hellip;]<\/p>\n","protected":false},"featured_media":1356,"template":"","meta":{"_acf_changed":false,"_eb_attr":"","_crdt_document":"","_uag_custom_page_level_css":"","_editorskit_title_hidden":false,"_editorskit_reading_time":0,"_editorskit_is_block_options_detached":false,"_editorskit_block_options_position":"{}","site-sidebar-layout":"default","site-content-layout":"","ast-site-content-layout":"default","site-content-style":"default","site-sidebar-style":"default","ast-global-header-display":"","ast-banner-title-visibility":"","ast-main-header-display":"","ast-hfb-above-header-display":"","ast-hfb-below-header-display":"","ast-hfb-mobile-header-display":"","site-post-title":"","ast-breadcrumbs-content":"","ast-featured-img":"","footer-sml-layout":"","ast-disable-related-posts":"","theme-transparent-header-meta":"","adv-header-id-meta":"","stick-header-meta":"","header-above-stick-meta":"","header-main-stick-meta":"","header-below-stick-meta":"","astra-migrate-meta-layouts":"default","ast-page-background-enabled":"default","ast-page-background-meta":{"desktop":{"background-color":"var(--ast-global-color-4)","background-image":"","background-repeat":"repeat","background-position":"center center","background-size":"auto","background-attachment":"scroll","background-type":"","background-media":"","overlay-type":"","overlay-color":"","overlay-opacity":"","overlay-gradient":""},"tablet":{"background-color":"","background-image":"","background-repeat":"repeat","background-position":"center center","background-size":"auto","background-attachment":"scroll","background-type":"","background-media":"","overlay-type":"","overlay-color":"","overlay-opacity":"","overlay-gradient":""},"mobile":{"background-color":"","background-image":"","background-repeat":"repeat","background-position":"center center","background-size":"auto","background-attachment":"scroll","background-type":"","background-media":"","overlay-type":"","overlay-color":"","overlay-opacity":"","overlay-gradient":""}},"ast-content-background-meta":{"desktop":{"background-color":"var(--ast-global-color-5)","background-image":"","background-repeat":"repeat","background-position":"center center","background-size":"auto","background-attachment":"scroll","background-type":"","background-media":"","overlay-type":"","overlay-color":"","overlay-opacity":"","overlay-gradient":""},"tablet":{"background-color":"var(--ast-global-color-5)","background-image":"","background-repeat":"repeat","background-position":"center center","background-size":"auto","background-attachment":"scroll","background-type":"","background-media":"","overlay-type":"","overlay-color":"","overlay-opacity":"","overlay-gradient":""},"mobile":{"background-color":"var(--ast-global-color-5)","background-image":"","background-repeat":"repeat","background-position":"center center","background-size":"auto","background-attachment":"scroll","background-type":"","background-media":"","overlay-type":"","overlay-color":"","overlay-opacity":"","overlay-gradient":""}}},"product_cat":[74,28],"product_tag":[],"class_list":{"0":"post-1355","1":"product","2":"type-product","3":"status-publish","4":"has-post-thumbnail","6":"product_cat-alfagrama","7":"product_cat-libro","8":"desktop-align-left","9":"tablet-align-left","10":"mobile-align-left","12":"first","13":"instock","14":"shipping-taxable","15":"purchasable","16":"product-type-simple"},"acf":[],"uagb_featured_image_src":{"full":["https:\/\/biblio1.mdp.edu.ar\/centro-ventas\/wp-content\/uploads\/sites\/2\/2018\/10\/competencias9789871305810_T.jpg",370,542,false],"thumbnail":["https:\/\/biblio1.mdp.edu.ar\/centro-ventas\/wp-content\/uploads\/sites\/2\/2018\/10\/competencias9789871305810_T-150x150.jpg",150,150,true],"medium":["https:\/\/biblio1.mdp.edu.ar\/centro-ventas\/wp-content\/uploads\/sites\/2\/2018\/10\/competencias9789871305810_T-205x300.jpg",205,300,true],"medium_large":["https:\/\/biblio1.mdp.edu.ar\/centro-ventas\/wp-content\/uploads\/sites\/2\/2018\/10\/competencias9789871305810_T.jpg",370,542,false],"large":["https:\/\/biblio1.mdp.edu.ar\/centro-ventas\/wp-content\/uploads\/sites\/2\/2018\/10\/competencias9789871305810_T.jpg",370,542,false],"1536x1536":["https:\/\/biblio1.mdp.edu.ar\/centro-ventas\/wp-content\/uploads\/sites\/2\/2018\/10\/competencias9789871305810_T.jpg",370,542,false],"2048x2048":["https:\/\/biblio1.mdp.edu.ar\/centro-ventas\/wp-content\/uploads\/sites\/2\/2018\/10\/competencias9789871305810_T.jpg",370,542,false],"woocommerce_thumbnail":["https:\/\/biblio1.mdp.edu.ar\/centro-ventas\/wp-content\/uploads\/sites\/2\/2018\/10\/competencias9789871305810_T-250x366.jpg",250,366,true],"woocommerce_single":["https:\/\/biblio1.mdp.edu.ar\/centro-ventas\/wp-content\/uploads\/sites\/2\/2018\/10\/competencias9789871305810_T.jpg",370,542,false],"woocommerce_gallery_thumbnail":["https:\/\/biblio1.mdp.edu.ar\/centro-ventas\/wp-content\/uploads\/sites\/2\/2018\/10\/competencias9789871305810_T-100x100.jpg",100,100,true]},"uagb_author_info":{"display_name":"Cristina Bernabe","author_link":"https:\/\/biblio1.mdp.edu.ar\/centro-ventas\/author\/"},"uagb_comment_info":0,"uagb_excerpt":"El presente libro, Competencias bibliotecarias y entorno laboral, no s\u00f3lo contempla, como su t\u00edtulo indica, las generalidades de la misi\u00f3n del bibliotecario para llegar a la comunidad con nuevos y mejores servicios, sino que aborda adem\u00e1s diferentes espacios donde el profesional puede aportar sus conocimientos. La elecci\u00f3n del tema surgi\u00f3 cuando en la literatura bibliotecaria,&hellip;","_links":{"self":[{"href":"https:\/\/biblio1.mdp.edu.ar\/centro-ventas\/wp-json\/wp\/v2\/product\/1355","targetHints":{"allow":["GET"]}}],"collection":[{"href":"https:\/\/biblio1.mdp.edu.ar\/centro-ventas\/wp-json\/wp\/v2\/product"}],"about":[{"href":"https:\/\/biblio1.mdp.edu.ar\/centro-ventas\/wp-json\/wp\/v2\/types\/product"}],"wp:featuredmedia":[{"embeddable":true,"href":"https:\/\/biblio1.mdp.edu.ar\/centro-ventas\/wp-json\/wp\/v2\/media\/1356"}],"wp:attachment":[{"href":"https:\/\/biblio1.mdp.edu.ar\/centro-ventas\/wp-json\/wp\/v2\/media?parent=1355"}],"wp:term":[{"taxonomy":"product_cat","embeddable":true,"href":"https:\/\/biblio1.mdp.edu.ar\/centro-ventas\/wp-json\/wp\/v2\/product_cat?post=1355"},{"taxonomy":"product_tag","embeddable":true,"href":"https:\/\/biblio1.mdp.edu.ar\/centro-ventas\/wp-json\/wp\/v2\/product_tag?post=1355"}],"curies":[{"name":"wp","href":"https:\/\/api.w.org\/{rel}","templated":true}]}}