{"id":1343,"date":"2018-10-12T19:21:20","date_gmt":"2018-10-12T22:21:20","guid":{"rendered":"http:\/\/biblio1.mdp.edu.ar\/centro-ventas\/?post_type=product&#038;p=1343"},"modified":"2025-09-01T17:40:12","modified_gmt":"2025-09-01T20:40:12","slug":"isbn-9789871305889-bibliotecas-academicas-e-investigacion","status":"publish","type":"product","link":"https:\/\/biblio1.mdp.edu.ar\/centro-ventas\/producto\/isbn-9789871305889-bibliotecas-academicas-e-investigacion\/","title":{"rendered":"Bibliotecas acad\u00e9micas e investigaci\u00f3n"},"content":{"rendered":"<div class=\"container\">\n<div class=\"right-detail content-tab col-md-8 col-sm-12 col-xs-12 book-center\">\n<div id=\"over-view\" class=\"book-desc-detail book-tab-show\">\n<p>Este libro tiene como prop\u00f3sito principal vincular a las bibliotecas acad\u00e9micas con los procesos de investigaci\u00f3n, valor\u00e1ndolas no s\u00f3lo por sus contribuciones naturales, sino tambi\u00e9n a trav\u00e9s de la demostraci\u00f3n de su rentabilidad, con un enfoque particular en las actividades de docentes e investigadores en los procesos de generaci\u00f3n de conocimiento. En el contexto socioeducativo moderno de las universidades, se espera que las bibliotecas funcionen como un enlace entre el conocimiento (acervo cultural) y las expectativas institucionales que se proyectan en el dise\u00f1o curricular. La participaci\u00f3n de las bibliotecas acad\u00e9micas en el escenario educativo muestra una fundamental importancia, ya que en la inercia de una sociedad basada en la informaci\u00f3n, se erigen como entidades generadoras de la acci\u00f3n formativa. El oficio de la investigaci\u00f3n demanda la adquisici\u00f3n de habilidades, entre ellas, las de traducir problemas altamente abstractos y abordarlos mediante operaciones pr\u00e1cticas. Para que suceda la generaci\u00f3n de conocimiento, con apoyo de las bibliotecas acad\u00e9micas, es necesario involucrar a diversos sujetos de la ciencia, principalmente los investigadores y los bibliotecarios.<\/p>\n<p><span class=\"detail-desc box-detail-desc\">Tarango, Javier. 9789871305889<\/span><\/div>\n<\/div>\n<\/div>\n<div class=\"container border\"><\/div>\n","protected":false},"excerpt":{"rendered":"<p>Este libro tiene como prop\u00f3sito principal vincular a las bibliotecas acad\u00e9micas con los procesos de investigaci\u00f3n, valor\u00e1ndolas no s\u00f3lo por sus contribuciones naturales, sino tambi\u00e9n a trav\u00e9s de la demostraci\u00f3n de su rentabilidad, con un enfoque particular en las actividades de docentes e investigadores en los procesos de generaci\u00f3n de conocimiento. En el contexto socioeducativo [&hellip;]<\/p>\n","protected":false},"featured_media":1345,"template":"","meta":{"_acf_changed":false,"_eb_attr":"","_crdt_document":"","_uag_custom_page_level_css":"","_editorskit_title_hidden":false,"_editorskit_reading_time":0,"_editorskit_is_block_options_detached":false,"_editorskit_block_options_position":"{}","site-sidebar-layout":"default","site-content-layout":"","ast-site-content-layout":"default","site-content-style":"default","site-sidebar-style":"default","ast-global-header-display":"","ast-banner-title-visibility":"","ast-main-header-display":"","ast-hfb-above-header-display":"","ast-hfb-below-header-display":"","ast-hfb-mobile-header-display":"","site-post-title":"","ast-breadcrumbs-content":"","ast-featured-img":"","footer-sml-layout":"","ast-disable-related-posts":"","theme-transparent-header-meta":"","adv-header-id-meta":"","stick-header-meta":"","header-above-stick-meta":"","header-main-stick-meta":"","header-below-stick-meta":"","astra-migrate-meta-layouts":"default","ast-page-background-enabled":"default","ast-page-background-meta":{"desktop":{"background-color":"var(--ast-global-color-4)","background-image":"","background-repeat":"repeat","background-position":"center center","background-size":"auto","background-attachment":"scroll","background-type":"","background-media":"","overlay-type":"","overlay-color":"","overlay-opacity":"","overlay-gradient":""},"tablet":{"background-color":"","background-image":"","background-repeat":"repeat","background-position":"center center","background-size":"auto","background-attachment":"scroll","background-type":"","background-media":"","overlay-type":"","overlay-color":"","overlay-opacity":"","overlay-gradient":""},"mobile":{"background-color":"","background-image":"","background-repeat":"repeat","background-position":"center center","background-size":"auto","background-attachment":"scroll","background-type":"","background-media":"","overlay-type":"","overlay-color":"","overlay-opacity":"","overlay-gradient":""}},"ast-content-background-meta":{"desktop":{"background-color":"var(--ast-global-color-5)","background-image":"","background-repeat":"repeat","background-position":"center center","background-size":"auto","background-attachment":"scroll","background-type":"","background-media":"","overlay-type":"","overlay-color":"","overlay-opacity":"","overlay-gradient":""},"tablet":{"background-color":"var(--ast-global-color-5)","background-image":"","background-repeat":"repeat","background-position":"center center","background-size":"auto","background-attachment":"scroll","background-type":"","background-media":"","overlay-type":"","overlay-color":"","overlay-opacity":"","overlay-gradient":""},"mobile":{"background-color":"var(--ast-global-color-5)","background-image":"","background-repeat":"repeat","background-position":"center center","background-size":"auto","background-attachment":"scroll","background-type":"","background-media":"","overlay-type":"","overlay-color":"","overlay-opacity":"","overlay-gradient":""}}},"product_cat":[74,28],"product_tag":[],"class_list":{"0":"post-1343","1":"product","2":"type-product","3":"status-publish","4":"has-post-thumbnail","6":"product_cat-alfagrama","7":"product_cat-libro","8":"desktop-align-left","9":"tablet-align-left","10":"mobile-align-left","12":"first","13":"instock","14":"shipping-taxable","15":"purchasable","16":"product-type-simple"},"acf":[],"uagb_featured_image_src":{"full":["https:\/\/biblio1.mdp.edu.ar\/centro-ventas\/wp-content\/uploads\/sites\/2\/2018\/10\/biblio-acad-inv9789871305889_T-1.jpg",370,536,false],"thumbnail":["https:\/\/biblio1.mdp.edu.ar\/centro-ventas\/wp-content\/uploads\/sites\/2\/2018\/10\/biblio-acad-inv9789871305889_T-1-150x150.jpg",150,150,true],"medium":["https:\/\/biblio1.mdp.edu.ar\/centro-ventas\/wp-content\/uploads\/sites\/2\/2018\/10\/biblio-acad-inv9789871305889_T-1-207x300.jpg",207,300,true],"medium_large":["https:\/\/biblio1.mdp.edu.ar\/centro-ventas\/wp-content\/uploads\/sites\/2\/2018\/10\/biblio-acad-inv9789871305889_T-1.jpg",370,536,false],"large":["https:\/\/biblio1.mdp.edu.ar\/centro-ventas\/wp-content\/uploads\/sites\/2\/2018\/10\/biblio-acad-inv9789871305889_T-1.jpg",370,536,false],"1536x1536":["https:\/\/biblio1.mdp.edu.ar\/centro-ventas\/wp-content\/uploads\/sites\/2\/2018\/10\/biblio-acad-inv9789871305889_T-1.jpg",370,536,false],"2048x2048":["https:\/\/biblio1.mdp.edu.ar\/centro-ventas\/wp-content\/uploads\/sites\/2\/2018\/10\/biblio-acad-inv9789871305889_T-1.jpg",370,536,false],"woocommerce_thumbnail":["https:\/\/biblio1.mdp.edu.ar\/centro-ventas\/wp-content\/uploads\/sites\/2\/2018\/10\/biblio-acad-inv9789871305889_T-1-250x362.jpg",250,362,true],"woocommerce_single":["https:\/\/biblio1.mdp.edu.ar\/centro-ventas\/wp-content\/uploads\/sites\/2\/2018\/10\/biblio-acad-inv9789871305889_T-1.jpg",370,536,false],"woocommerce_gallery_thumbnail":["https:\/\/biblio1.mdp.edu.ar\/centro-ventas\/wp-content\/uploads\/sites\/2\/2018\/10\/biblio-acad-inv9789871305889_T-1-100x100.jpg",100,100,true]},"uagb_author_info":{"display_name":"Cristina Bernabe","author_link":"https:\/\/biblio1.mdp.edu.ar\/centro-ventas\/author\/"},"uagb_comment_info":0,"uagb_excerpt":"Este libro tiene como prop\u00f3sito principal vincular a las bibliotecas acad\u00e9micas con los procesos de investigaci\u00f3n, valor\u00e1ndolas no s\u00f3lo por sus contribuciones naturales, sino tambi\u00e9n a trav\u00e9s de la demostraci\u00f3n de su rentabilidad, con un enfoque particular en las actividades de docentes e investigadores en los procesos de generaci\u00f3n de conocimiento. En el contexto socioeducativo&hellip;","_links":{"self":[{"href":"https:\/\/biblio1.mdp.edu.ar\/centro-ventas\/wp-json\/wp\/v2\/product\/1343","targetHints":{"allow":["GET"]}}],"collection":[{"href":"https:\/\/biblio1.mdp.edu.ar\/centro-ventas\/wp-json\/wp\/v2\/product"}],"about":[{"href":"https:\/\/biblio1.mdp.edu.ar\/centro-ventas\/wp-json\/wp\/v2\/types\/product"}],"wp:featuredmedia":[{"embeddable":true,"href":"https:\/\/biblio1.mdp.edu.ar\/centro-ventas\/wp-json\/wp\/v2\/media\/1345"}],"wp:attachment":[{"href":"https:\/\/biblio1.mdp.edu.ar\/centro-ventas\/wp-json\/wp\/v2\/media?parent=1343"}],"wp:term":[{"taxonomy":"product_cat","embeddable":true,"href":"https:\/\/biblio1.mdp.edu.ar\/centro-ventas\/wp-json\/wp\/v2\/product_cat?post=1343"},{"taxonomy":"product_tag","embeddable":true,"href":"https:\/\/biblio1.mdp.edu.ar\/centro-ventas\/wp-json\/wp\/v2\/product_tag?post=1343"}],"curies":[{"name":"wp","href":"https:\/\/api.w.org\/{rel}","templated":true}]}}