{"id":1320,"date":"2018-10-11T21:04:14","date_gmt":"2018-10-12T00:04:14","guid":{"rendered":"http:\/\/biblio1.mdp.edu.ar\/centro-ventas\/?post_type=product&#038;p=1320"},"modified":"2025-09-01T17:39:57","modified_gmt":"2025-09-01T20:39:57","slug":"bibliotecarios-usuarios-y-gestion-del-conocimiento","status":"publish","type":"product","link":"https:\/\/biblio1.mdp.edu.ar\/centro-ventas\/producto\/bibliotecarios-usuarios-y-gestion-del-conocimiento\/","title":{"rendered":"Bibliotecarios, usuarios y gesti\u00f3n del conocimiento"},"content":{"rendered":"<div class=\"container\">\n<div class=\"right-detail content-tab col-md-8 col-sm-12 col-xs-12 book-center\">\n<div id=\"over-view\" class=\"book-desc-detail book-tab-show\">\n<p>Los avances y los recursos proporcionados en este libro son el hoy; el ma\u00f1ana puede ser totalmente diferente. La idea es contextualizar un perfil con visi\u00f3n integradora donde no s\u00f3lo confluyan los distintos aportes de la comunidad bibliotecaria sino que quien emprenda su lectura pueda entender y reflexionar sobre un proceso que todos los d\u00edas es necesario abordar en la biblioteca. La realidad en t\u00e9rminos de formaci\u00f3n de usuarios crea competencias de aprendizaje similares tanto en los usuarios como en los bibliotecarios. El emprender un trabajo de investigaci\u00f3n exige la b\u00fasqueda de nuevos conocimientos sobre el tema, incorporar los existentes y saber c\u00f3mo comenzar a organizar los que se nos presentan. El contenido de esta monograf\u00eda comienza con conceptos relacionados con la investigaci\u00f3n, el conocimiento, la informaci\u00f3n y la metodolog\u00eda que es conveniente aplicar. Las fuentes halladas son tambi\u00e9n encaradas para presentar los tipos de documentos y los soportes en que se encuentra la informaci\u00f3n. La lectura cr\u00edtica es considerada tema fundamental para la comprensi\u00f3n de las fuentes. Seguida mente se presentan todos los recursos que se estiman necesarios para la obtenci\u00f3n de informaci\u00f3n, desde los que conforman en s\u00ed mismos obras de referencia hasta los m\u00e1s espec\u00edficos. Las modalidades de acceso a los diferentes recursos, los que se encuentran en acceso abierto y los que no lo est\u00e1n. En cuanto al tratamiento y organizaci\u00f3n de los documentos, se tiene en cuenta la problem\u00e1tica sobre el registro de los datos. Tambi\u00e9n hay un espacio para la propiedad intelectual y los derechos de autor, para cuestionarse sobre la \u00e9tica profesional y, entre otros aspectos, para pensar sobre la preservaci\u00f3n de los documentos electr\u00f3nicos. El libro finaliza con la comunicaci\u00f3n del conocimiento: qu\u00e9, c\u00f3mo y d\u00f3nde publicar. La obra est\u00e1 dirigida a los bibliotecarios y a los usuarios de las bibliotecas acad\u00e9micas y especializadas, alumnos, docentes, investigadores, y otros especialistas de la informaci\u00f3n, que necesitan contar con datos actualizados que se encuentran en la red, que deben conocer c\u00f3mo evaluarlos y c\u00f3mo aprehenderlos, para utilizarlos en la ejecuci\u00f3n y presentaci\u00f3n de sus trabajos.<\/p>\n<p><span class=\"detail-desc box-detail-desc\">Monfasani, Rosa. 9789871305766<\/span><\/div>\n<\/div>\n<\/div>\n<p>&nbsp;<\/p>\n","protected":false},"excerpt":{"rendered":"<p>Los avances y los recursos proporcionados en este libro son el hoy; el ma\u00f1ana puede ser totalmente diferente. La idea es contextualizar un perfil con visi\u00f3n integradora donde no s\u00f3lo confluyan los distintos aportes de la comunidad bibliotecaria sino que quien emprenda su lectura pueda entender y reflexionar sobre un proceso que todos los d\u00edas [&hellip;]<\/p>\n","protected":false},"featured_media":1321,"template":"","meta":{"_acf_changed":false,"_eb_attr":"","_crdt_document":"","_uag_custom_page_level_css":"","_editorskit_title_hidden":false,"_editorskit_reading_time":0,"_editorskit_is_block_options_detached":false,"_editorskit_block_options_position":"{}","site-sidebar-layout":"default","site-content-layout":"","ast-site-content-layout":"default","site-content-style":"default","site-sidebar-style":"default","ast-global-header-display":"","ast-banner-title-visibility":"","ast-main-header-display":"","ast-hfb-above-header-display":"","ast-hfb-below-header-display":"","ast-hfb-mobile-header-display":"","site-post-title":"","ast-breadcrumbs-content":"","ast-featured-img":"","footer-sml-layout":"","ast-disable-related-posts":"","theme-transparent-header-meta":"","adv-header-id-meta":"","stick-header-meta":"","header-above-stick-meta":"","header-main-stick-meta":"","header-below-stick-meta":"","astra-migrate-meta-layouts":"default","ast-page-background-enabled":"default","ast-page-background-meta":{"desktop":{"background-color":"var(--ast-global-color-4)","background-image":"","background-repeat":"repeat","background-position":"center center","background-size":"auto","background-attachment":"scroll","background-type":"","background-media":"","overlay-type":"","overlay-color":"","overlay-opacity":"","overlay-gradient":""},"tablet":{"background-color":"","background-image":"","background-repeat":"repeat","background-position":"center center","background-size":"auto","background-attachment":"scroll","background-type":"","background-media":"","overlay-type":"","overlay-color":"","overlay-opacity":"","overlay-gradient":""},"mobile":{"background-color":"","background-image":"","background-repeat":"repeat","background-position":"center center","background-size":"auto","background-attachment":"scroll","background-type":"","background-media":"","overlay-type":"","overlay-color":"","overlay-opacity":"","overlay-gradient":""}},"ast-content-background-meta":{"desktop":{"background-color":"var(--ast-global-color-5)","background-image":"","background-repeat":"repeat","background-position":"center center","background-size":"auto","background-attachment":"scroll","background-type":"","background-media":"","overlay-type":"","overlay-color":"","overlay-opacity":"","overlay-gradient":""},"tablet":{"background-color":"var(--ast-global-color-5)","background-image":"","background-repeat":"repeat","background-position":"center center","background-size":"auto","background-attachment":"scroll","background-type":"","background-media":"","overlay-type":"","overlay-color":"","overlay-opacity":"","overlay-gradient":""},"mobile":{"background-color":"var(--ast-global-color-5)","background-image":"","background-repeat":"repeat","background-position":"center center","background-size":"auto","background-attachment":"scroll","background-type":"","background-media":"","overlay-type":"","overlay-color":"","overlay-opacity":"","overlay-gradient":""}}},"product_cat":[74,28],"product_tag":[],"class_list":{"0":"post-1320","1":"product","2":"type-product","3":"status-publish","4":"has-post-thumbnail","6":"product_cat-alfagrama","7":"product_cat-libro","8":"desktop-align-left","9":"tablet-align-left","10":"mobile-align-left","12":"first","13":"instock","14":"shipping-taxable","15":"purchasable","16":"product-type-simple"},"acf":[],"uagb_featured_image_src":{"full":["https:\/\/biblio1.mdp.edu.ar\/centro-ventas\/wp-content\/uploads\/sites\/2\/2018\/10\/Bibliot-U-G9789871305766_T-1.jpg",370,532,false],"thumbnail":["https:\/\/biblio1.mdp.edu.ar\/centro-ventas\/wp-content\/uploads\/sites\/2\/2018\/10\/Bibliot-U-G9789871305766_T-1-150x150.jpg",150,150,true],"medium":["https:\/\/biblio1.mdp.edu.ar\/centro-ventas\/wp-content\/uploads\/sites\/2\/2018\/10\/Bibliot-U-G9789871305766_T-1-209x300.jpg",209,300,true],"medium_large":["https:\/\/biblio1.mdp.edu.ar\/centro-ventas\/wp-content\/uploads\/sites\/2\/2018\/10\/Bibliot-U-G9789871305766_T-1.jpg",370,532,false],"large":["https:\/\/biblio1.mdp.edu.ar\/centro-ventas\/wp-content\/uploads\/sites\/2\/2018\/10\/Bibliot-U-G9789871305766_T-1.jpg",370,532,false],"1536x1536":["https:\/\/biblio1.mdp.edu.ar\/centro-ventas\/wp-content\/uploads\/sites\/2\/2018\/10\/Bibliot-U-G9789871305766_T-1.jpg",370,532,false],"2048x2048":["https:\/\/biblio1.mdp.edu.ar\/centro-ventas\/wp-content\/uploads\/sites\/2\/2018\/10\/Bibliot-U-G9789871305766_T-1.jpg",370,532,false],"woocommerce_thumbnail":["https:\/\/biblio1.mdp.edu.ar\/centro-ventas\/wp-content\/uploads\/sites\/2\/2018\/10\/Bibliot-U-G9789871305766_T-1-250x359.jpg",250,359,true],"woocommerce_single":["https:\/\/biblio1.mdp.edu.ar\/centro-ventas\/wp-content\/uploads\/sites\/2\/2018\/10\/Bibliot-U-G9789871305766_T-1.jpg",370,532,false],"woocommerce_gallery_thumbnail":["https:\/\/biblio1.mdp.edu.ar\/centro-ventas\/wp-content\/uploads\/sites\/2\/2018\/10\/Bibliot-U-G9789871305766_T-1-100x100.jpg",100,100,true]},"uagb_author_info":{"display_name":"Cristina Bernabe","author_link":"https:\/\/biblio1.mdp.edu.ar\/centro-ventas\/author\/"},"uagb_comment_info":0,"uagb_excerpt":"Los avances y los recursos proporcionados en este libro son el hoy; el ma\u00f1ana puede ser totalmente diferente. La idea es contextualizar un perfil con visi\u00f3n integradora donde no s\u00f3lo confluyan los distintos aportes de la comunidad bibliotecaria sino que quien emprenda su lectura pueda entender y reflexionar sobre un proceso que todos los d\u00edas&hellip;","_links":{"self":[{"href":"https:\/\/biblio1.mdp.edu.ar\/centro-ventas\/wp-json\/wp\/v2\/product\/1320","targetHints":{"allow":["GET"]}}],"collection":[{"href":"https:\/\/biblio1.mdp.edu.ar\/centro-ventas\/wp-json\/wp\/v2\/product"}],"about":[{"href":"https:\/\/biblio1.mdp.edu.ar\/centro-ventas\/wp-json\/wp\/v2\/types\/product"}],"wp:featuredmedia":[{"embeddable":true,"href":"https:\/\/biblio1.mdp.edu.ar\/centro-ventas\/wp-json\/wp\/v2\/media\/1321"}],"wp:attachment":[{"href":"https:\/\/biblio1.mdp.edu.ar\/centro-ventas\/wp-json\/wp\/v2\/media?parent=1320"}],"wp:term":[{"taxonomy":"product_cat","embeddable":true,"href":"https:\/\/biblio1.mdp.edu.ar\/centro-ventas\/wp-json\/wp\/v2\/product_cat?post=1320"},{"taxonomy":"product_tag","embeddable":true,"href":"https:\/\/biblio1.mdp.edu.ar\/centro-ventas\/wp-json\/wp\/v2\/product_tag?post=1320"}],"curies":[{"name":"wp","href":"https:\/\/api.w.org\/{rel}","templated":true}]}}