{"id":1316,"date":"2018-10-11T20:57:31","date_gmt":"2018-10-11T23:57:31","guid":{"rendered":"http:\/\/biblio1.mdp.edu.ar\/centro-ventas\/?post_type=product&#038;p=1316"},"modified":"2025-09-01T17:38:27","modified_gmt":"2025-09-01T20:38:27","slug":"biblioteca-publica-y-desarrollo-economico","status":"publish","type":"product","link":"https:\/\/biblio1.mdp.edu.ar\/centro-ventas\/producto\/biblioteca-publica-y-desarrollo-economico\/","title":{"rendered":"Biblioteca p\u00fablica y desarrollo econ\u00f3mico"},"content":{"rendered":"<div class=\"container\">\n<div class=\"right-detail content-tab col-md-8 col-sm-12 col-xs-12 book-center\">\n<div id=\"over-view\" class=\"book-desc-detail book-tab-show\">\n<p>En los \u00faltimos a\u00f1os, se ha desarrollado un debate cada vez m\u00e1s intenso sobre el nuevo modelo de biblioteca p\u00fablica que requiere la sociedad contempor\u00e1nea. Tanto en los foros internacionales como nacionales, se viene intentando definir la funci\u00f3n de la biblioteca p\u00fablica en la Sociedad de la Informaci\u00f3n y del Conocimiento. En este nuevo modelo, que va mucho m\u00e1s all\u00e1 del pr\u00e9stamo, de la lectura y de la ayuda al estudio que identifican a la biblioteca p\u00fablica tradicional, adquiere una especial importancia todo lo relacionado con la integraci\u00f3n y con la implicaci\u00f3n de la biblioteca p\u00fablica en su entorno. BP y desarrollo econ\u00f3mico parece ser un tema imposible, principalmente si pensamos en el contexto latinoamericano. Algunos se preguntan si la BP tiene un papel a jugar en el desarrollo de la econom\u00eda de su entorno, de su regi\u00f3n, o quiz\u00e1 del pa\u00eds. Nuestro prop\u00f3sito es discutir y crear una nueva perspectiva de actuaci\u00f3n de la biblioteca p\u00fablica, basada en su funci\u00f3n informativa, para extrapolarla a continuaci\u00f3n con la perspectiva de ampliar su radio de atenci\u00f3n, no solamente a los ciudadanos, sino tambi\u00e9n a las peque\u00f1as empresas, a los emprendedores y a las organizaciones presentes en su comunidad. Nuestro objetivo principal es contribuir al fortalecimiento de las bibliotecas p\u00fablicas, vali\u00e9ndonos de la introducci\u00f3n de servicios de referencia que presten informaci\u00f3n a las peque\u00f1as empresas, a los futuros empresarios y a las organizaciones de su entorno. El establecimiento de tal servicio de atenci\u00f3n se entroncar\u00e1 con el cambio del paradigma de las bibliotecas p\u00fablicas, en cuanto instituciones que deben pasar de estar al servicio de la educaci\u00f3n a ponerse al servicio de la informaci\u00f3n y, por ende. del desarrollo.<\/p>\n<p><span class=\"detail-desc box-detail-desc\">Ferreira Dos Santos, V. 9789871305223<\/span><\/div>\n<\/div>\n<\/div>\n<div class=\"container border\"><\/div>\n","protected":false},"excerpt":{"rendered":"<p>En los \u00faltimos a\u00f1os, se ha desarrollado un debate cada vez m\u00e1s intenso sobre el nuevo modelo de biblioteca p\u00fablica que requiere la sociedad contempor\u00e1nea. Tanto en los foros internacionales como nacionales, se viene intentando definir la funci\u00f3n de la biblioteca p\u00fablica en la Sociedad de la Informaci\u00f3n y del Conocimiento. En este nuevo modelo, [&hellip;]<\/p>\n","protected":false},"featured_media":1317,"template":"","meta":{"_acf_changed":false,"_eb_attr":"","_crdt_document":"","_uag_custom_page_level_css":"","_editorskit_title_hidden":false,"_editorskit_reading_time":0,"_editorskit_is_block_options_detached":false,"_editorskit_block_options_position":"{}","site-sidebar-layout":"default","site-content-layout":"","ast-site-content-layout":"default","site-content-style":"default","site-sidebar-style":"default","ast-global-header-display":"","ast-banner-title-visibility":"","ast-main-header-display":"","ast-hfb-above-header-display":"","ast-hfb-below-header-display":"","ast-hfb-mobile-header-display":"","site-post-title":"","ast-breadcrumbs-content":"","ast-featured-img":"","footer-sml-layout":"","ast-disable-related-posts":"","theme-transparent-header-meta":"","adv-header-id-meta":"","stick-header-meta":"","header-above-stick-meta":"","header-main-stick-meta":"","header-below-stick-meta":"","astra-migrate-meta-layouts":"default","ast-page-background-enabled":"default","ast-page-background-meta":{"desktop":{"background-color":"var(--ast-global-color-4)","background-image":"","background-repeat":"repeat","background-position":"center center","background-size":"auto","background-attachment":"scroll","background-type":"","background-media":"","overlay-type":"","overlay-color":"","overlay-opacity":"","overlay-gradient":""},"tablet":{"background-color":"","background-image":"","background-repeat":"repeat","background-position":"center center","background-size":"auto","background-attachment":"scroll","background-type":"","background-media":"","overlay-type":"","overlay-color":"","overlay-opacity":"","overlay-gradient":""},"mobile":{"background-color":"","background-image":"","background-repeat":"repeat","background-position":"center center","background-size":"auto","background-attachment":"scroll","background-type":"","background-media":"","overlay-type":"","overlay-color":"","overlay-opacity":"","overlay-gradient":""}},"ast-content-background-meta":{"desktop":{"background-color":"var(--ast-global-color-5)","background-image":"","background-repeat":"repeat","background-position":"center center","background-size":"auto","background-attachment":"scroll","background-type":"","background-media":"","overlay-type":"","overlay-color":"","overlay-opacity":"","overlay-gradient":""},"tablet":{"background-color":"var(--ast-global-color-5)","background-image":"","background-repeat":"repeat","background-position":"center center","background-size":"auto","background-attachment":"scroll","background-type":"","background-media":"","overlay-type":"","overlay-color":"","overlay-opacity":"","overlay-gradient":""},"mobile":{"background-color":"var(--ast-global-color-5)","background-image":"","background-repeat":"repeat","background-position":"center center","background-size":"auto","background-attachment":"scroll","background-type":"","background-media":"","overlay-type":"","overlay-color":"","overlay-opacity":"","overlay-gradient":""}}},"product_cat":[74,28],"product_tag":[],"class_list":{"0":"post-1316","1":"product","2":"type-product","3":"status-publish","4":"has-post-thumbnail","6":"product_cat-alfagrama","7":"product_cat-libro","8":"desktop-align-left","9":"tablet-align-left","10":"mobile-align-left","12":"first","13":"instock","14":"shipping-taxable","15":"purchasable","16":"product-type-simple"},"acf":[],"uagb_featured_image_src":{"full":["https:\/\/biblio1.mdp.edu.ar\/centro-ventas\/wp-content\/uploads\/sites\/2\/2018\/10\/biblioPublicaYDesarrollo9789871305223_T-1.jpg",370,536,false],"thumbnail":["https:\/\/biblio1.mdp.edu.ar\/centro-ventas\/wp-content\/uploads\/sites\/2\/2018\/10\/biblioPublicaYDesarrollo9789871305223_T-1-150x150.jpg",150,150,true],"medium":["https:\/\/biblio1.mdp.edu.ar\/centro-ventas\/wp-content\/uploads\/sites\/2\/2018\/10\/biblioPublicaYDesarrollo9789871305223_T-1-207x300.jpg",207,300,true],"medium_large":["https:\/\/biblio1.mdp.edu.ar\/centro-ventas\/wp-content\/uploads\/sites\/2\/2018\/10\/biblioPublicaYDesarrollo9789871305223_T-1.jpg",370,536,false],"large":["https:\/\/biblio1.mdp.edu.ar\/centro-ventas\/wp-content\/uploads\/sites\/2\/2018\/10\/biblioPublicaYDesarrollo9789871305223_T-1.jpg",370,536,false],"1536x1536":["https:\/\/biblio1.mdp.edu.ar\/centro-ventas\/wp-content\/uploads\/sites\/2\/2018\/10\/biblioPublicaYDesarrollo9789871305223_T-1.jpg",370,536,false],"2048x2048":["https:\/\/biblio1.mdp.edu.ar\/centro-ventas\/wp-content\/uploads\/sites\/2\/2018\/10\/biblioPublicaYDesarrollo9789871305223_T-1.jpg",370,536,false],"woocommerce_thumbnail":["https:\/\/biblio1.mdp.edu.ar\/centro-ventas\/wp-content\/uploads\/sites\/2\/2018\/10\/biblioPublicaYDesarrollo9789871305223_T-1-250x362.jpg",250,362,true],"woocommerce_single":["https:\/\/biblio1.mdp.edu.ar\/centro-ventas\/wp-content\/uploads\/sites\/2\/2018\/10\/biblioPublicaYDesarrollo9789871305223_T-1.jpg",370,536,false],"woocommerce_gallery_thumbnail":["https:\/\/biblio1.mdp.edu.ar\/centro-ventas\/wp-content\/uploads\/sites\/2\/2018\/10\/biblioPublicaYDesarrollo9789871305223_T-1-100x100.jpg",100,100,true]},"uagb_author_info":{"display_name":"Cristina Bernabe","author_link":"https:\/\/biblio1.mdp.edu.ar\/centro-ventas\/author\/"},"uagb_comment_info":0,"uagb_excerpt":"En los \u00faltimos a\u00f1os, se ha desarrollado un debate cada vez m\u00e1s intenso sobre el nuevo modelo de biblioteca p\u00fablica que requiere la sociedad contempor\u00e1nea. Tanto en los foros internacionales como nacionales, se viene intentando definir la funci\u00f3n de la biblioteca p\u00fablica en la Sociedad de la Informaci\u00f3n y del Conocimiento. En este nuevo modelo,&hellip;","_links":{"self":[{"href":"https:\/\/biblio1.mdp.edu.ar\/centro-ventas\/wp-json\/wp\/v2\/product\/1316","targetHints":{"allow":["GET"]}}],"collection":[{"href":"https:\/\/biblio1.mdp.edu.ar\/centro-ventas\/wp-json\/wp\/v2\/product"}],"about":[{"href":"https:\/\/biblio1.mdp.edu.ar\/centro-ventas\/wp-json\/wp\/v2\/types\/product"}],"wp:featuredmedia":[{"embeddable":true,"href":"https:\/\/biblio1.mdp.edu.ar\/centro-ventas\/wp-json\/wp\/v2\/media\/1317"}],"wp:attachment":[{"href":"https:\/\/biblio1.mdp.edu.ar\/centro-ventas\/wp-json\/wp\/v2\/media?parent=1316"}],"wp:term":[{"taxonomy":"product_cat","embeddable":true,"href":"https:\/\/biblio1.mdp.edu.ar\/centro-ventas\/wp-json\/wp\/v2\/product_cat?post=1316"},{"taxonomy":"product_tag","embeddable":true,"href":"https:\/\/biblio1.mdp.edu.ar\/centro-ventas\/wp-json\/wp\/v2\/product_tag?post=1316"}],"curies":[{"name":"wp","href":"https:\/\/api.w.org\/{rel}","templated":true}]}}