{"id":1305,"date":"2018-10-11T20:41:24","date_gmt":"2018-10-11T23:41:24","guid":{"rendered":"http:\/\/biblio1.mdp.edu.ar\/centro-ventas\/?post_type=product&#038;p=1305"},"modified":"2025-09-01T18:23:46","modified_gmt":"2025-09-01T21:23:46","slug":"redes-de-conocimiento","status":"publish","type":"product","link":"https:\/\/biblio1.mdp.edu.ar\/centro-ventas\/producto\/redes-de-conocimiento\/","title":{"rendered":"Redes de conocimiento, alfabetizaci\u00f3n e infoinclusi\u00f3n en usuarios con discapacidad visual"},"content":{"rendered":"<p>La iniciativa de promover redes de conocimiento para la alfabetizaci\u00f3n e infoinclusi\u00f3n de usuarios con discapacidad visual en los servicios de las Unidades de Informaci\u00f3n (Bibliotecas, Archivos y Centros de Documentaci\u00f3n) de las instituciones de educaci\u00f3n universitaria, ha sido considerada para el desarrollo de la presente obra, desde la perspectiva de lo expuesto por la Organizaci\u00f3n Mundial de la Salud (OMS) sobre la Clasificaci\u00f3n Internacional del Funcionamiento, de la Discapacidad y de la Salud. Los contenidos expuestos trascienden desde lo te\u00f3rico hacia la operatividad de nuevas pr\u00e1cticas en escenarios globales donde se busca minimizar la denominada brecha cognitiva e informacional. Desde el campo de las ciencias de la informaci\u00f3n, se profundiza para dimensionar, no solo nuevas formas de acceder al conocimiento, mediante las tecnolog\u00edas de informaci\u00f3n y comunicaci\u00f3n, sino tambi\u00e9n de disponer de programas para la alfabetizaci\u00f3n informacional y digital en pro de la infoinclusi\u00f3n como una necesaria realidad para asistir a los usuarios seg\u00fan sus condiciones biosicosociales, donde la usabilidad y consumo de los contenidos disponibles se consideren en los tiempos actuales como parte de una pol\u00edtica p\u00fablica y del quehacer permanente de toda unidad de informaci\u00f3n. En tal sentido, la b\u00fasqueda constante por acceder o generar nuevas formas de garantizar la difusi\u00f3n, usabilidad y socializaci\u00f3n del conocimiento desde el contexto de las unidades de informaci\u00f3n, se asume como un componente de impacto social para contribuir con la integraci\u00f3n de los usuarios con discapacidad visual en el contexto universitario, es por ello que se visiona de forma prospectiva y mediante el uso de t\u00e9cnicas que interrelacionadas con m\u00e9todos de investigaci\u00f3n cient\u00edfica como el Modelo de Triangulaci\u00f3n Metodol\u00f3gica (MTM), el an\u00e1lisis de la tem\u00e1tica de forma interpretativa y aplicativa los componentes del objeto de estudio, como lo son los Usuarios\/Conocimiento\/TIC, los cuales su interrelaci\u00f3n trasciende en escenarios globales, donde las brechas estructurales y funcionales para acceder a la informaci\u00f3n requieren ser minimizadas en la actualidad. Nuevos retos por emprender, algunos expuestos de forma sistem\u00e1tica en la obra que se proyectan como modelo prospectivo cuya adaptaci\u00f3n en las Unidades de Informaci\u00f3n por parte de los profesionales de la informaci\u00f3n, prev\u00e9 que se constituya en una de las principales estrategias de gesti\u00f3n para maximizar las potencialidades que ofrecen la sistematizaci\u00f3n, transferencia y socializaci\u00f3n del conocimiento mediante el uso de las tecnolog\u00edas de informaci\u00f3n para fortalecer, tanto la competitividad, como la pertinencia de los servicios de informaci\u00f3n como eje principal para en la pr\u00e1ctica consolidar programas de alfabetizaci\u00f3n e infoinclusi\u00f3n de los usuarios con discapacidad del sector educativo universitario.<\/p>\n<p>Ana Judith Paredes Chac\u00edn<\/p>\n<p>9789871305926<\/p>\n","protected":false},"excerpt":{"rendered":"<p>La iniciativa de promover redes de conocimiento para la alfabetizaci\u00f3n e infoinclusi\u00f3n de usuarios con discapacidad visual en los servicios de las Unidades de Informaci\u00f3n (Bibliotecas, Archivos y Centros de Documentaci\u00f3n) de las instituciones de educaci\u00f3n universitaria, ha sido considerada para el desarrollo de la presente obra, desde la perspectiva de lo expuesto por la [&hellip;]<\/p>\n","protected":false},"featured_media":1306,"template":"","meta":{"_acf_changed":false,"_eb_attr":"","_crdt_document":"","_uag_custom_page_level_css":"","_editorskit_title_hidden":false,"_editorskit_reading_time":0,"_editorskit_is_block_options_detached":false,"_editorskit_block_options_position":"{}","site-sidebar-layout":"default","site-content-layout":"","ast-site-content-layout":"default","site-content-style":"default","site-sidebar-style":"default","ast-global-header-display":"","ast-banner-title-visibility":"","ast-main-header-display":"","ast-hfb-above-header-display":"","ast-hfb-below-header-display":"","ast-hfb-mobile-header-display":"","site-post-title":"","ast-breadcrumbs-content":"","ast-featured-img":"","footer-sml-layout":"","ast-disable-related-posts":"","theme-transparent-header-meta":"","adv-header-id-meta":"","stick-header-meta":"","header-above-stick-meta":"","header-main-stick-meta":"","header-below-stick-meta":"","astra-migrate-meta-layouts":"default","ast-page-background-enabled":"default","ast-page-background-meta":{"desktop":{"background-color":"var(--ast-global-color-4)","background-image":"","background-repeat":"repeat","background-position":"center center","background-size":"auto","background-attachment":"scroll","background-type":"","background-media":"","overlay-type":"","overlay-color":"","overlay-opacity":"","overlay-gradient":""},"tablet":{"background-color":"","background-image":"","background-repeat":"repeat","background-position":"center center","background-size":"auto","background-attachment":"scroll","background-type":"","background-media":"","overlay-type":"","overlay-color":"","overlay-opacity":"","overlay-gradient":""},"mobile":{"background-color":"","background-image":"","background-repeat":"repeat","background-position":"center center","background-size":"auto","background-attachment":"scroll","background-type":"","background-media":"","overlay-type":"","overlay-color":"","overlay-opacity":"","overlay-gradient":""}},"ast-content-background-meta":{"desktop":{"background-color":"var(--ast-global-color-5)","background-image":"","background-repeat":"repeat","background-position":"center center","background-size":"auto","background-attachment":"scroll","background-type":"","background-media":"","overlay-type":"","overlay-color":"","overlay-opacity":"","overlay-gradient":""},"tablet":{"background-color":"var(--ast-global-color-5)","background-image":"","background-repeat":"repeat","background-position":"center center","background-size":"auto","background-attachment":"scroll","background-type":"","background-media":"","overlay-type":"","overlay-color":"","overlay-opacity":"","overlay-gradient":""},"mobile":{"background-color":"var(--ast-global-color-5)","background-image":"","background-repeat":"repeat","background-position":"center center","background-size":"auto","background-attachment":"scroll","background-type":"","background-media":"","overlay-type":"","overlay-color":"","overlay-opacity":"","overlay-gradient":""}}},"product_cat":[74,28],"product_tag":[],"class_list":{"0":"post-1305","1":"product","2":"type-product","3":"status-publish","4":"has-post-thumbnail","6":"product_cat-alfagrama","7":"product_cat-libro","8":"desktop-align-left","9":"tablet-align-left","10":"mobile-align-left","12":"first","13":"instock","14":"shipping-taxable","15":"purchasable","16":"product-type-simple"},"acf":[],"uagb_featured_image_src":{"full":["https:\/\/biblio1.mdp.edu.ar\/centro-ventas\/wp-content\/uploads\/sites\/2\/2018\/10\/RedesdelConoc9789871305926_T.jpg",370,543,false],"thumbnail":["https:\/\/biblio1.mdp.edu.ar\/centro-ventas\/wp-content\/uploads\/sites\/2\/2018\/10\/RedesdelConoc9789871305926_T-150x150.jpg",150,150,true],"medium":["https:\/\/biblio1.mdp.edu.ar\/centro-ventas\/wp-content\/uploads\/sites\/2\/2018\/10\/RedesdelConoc9789871305926_T-204x300.jpg",204,300,true],"medium_large":["https:\/\/biblio1.mdp.edu.ar\/centro-ventas\/wp-content\/uploads\/sites\/2\/2018\/10\/RedesdelConoc9789871305926_T.jpg",370,543,false],"large":["https:\/\/biblio1.mdp.edu.ar\/centro-ventas\/wp-content\/uploads\/sites\/2\/2018\/10\/RedesdelConoc9789871305926_T.jpg",370,543,false],"1536x1536":["https:\/\/biblio1.mdp.edu.ar\/centro-ventas\/wp-content\/uploads\/sites\/2\/2018\/10\/RedesdelConoc9789871305926_T.jpg",370,543,false],"2048x2048":["https:\/\/biblio1.mdp.edu.ar\/centro-ventas\/wp-content\/uploads\/sites\/2\/2018\/10\/RedesdelConoc9789871305926_T.jpg",370,543,false],"woocommerce_thumbnail":["https:\/\/biblio1.mdp.edu.ar\/centro-ventas\/wp-content\/uploads\/sites\/2\/2018\/10\/RedesdelConoc9789871305926_T-250x367.jpg",250,367,true],"woocommerce_single":["https:\/\/biblio1.mdp.edu.ar\/centro-ventas\/wp-content\/uploads\/sites\/2\/2018\/10\/RedesdelConoc9789871305926_T.jpg",370,543,false],"woocommerce_gallery_thumbnail":["https:\/\/biblio1.mdp.edu.ar\/centro-ventas\/wp-content\/uploads\/sites\/2\/2018\/10\/RedesdelConoc9789871305926_T-100x100.jpg",100,100,true]},"uagb_author_info":{"display_name":"Cristina Bernabe","author_link":"https:\/\/biblio1.mdp.edu.ar\/centro-ventas\/author\/"},"uagb_comment_info":0,"uagb_excerpt":"La iniciativa de promover redes de conocimiento para la alfabetizaci\u00f3n e infoinclusi\u00f3n de usuarios con discapacidad visual en los servicios de las Unidades de Informaci\u00f3n (Bibliotecas, Archivos y Centros de Documentaci\u00f3n) de las instituciones de educaci\u00f3n universitaria, ha sido considerada para el desarrollo de la presente obra, desde la perspectiva de lo expuesto por la&hellip;","_links":{"self":[{"href":"https:\/\/biblio1.mdp.edu.ar\/centro-ventas\/wp-json\/wp\/v2\/product\/1305","targetHints":{"allow":["GET"]}}],"collection":[{"href":"https:\/\/biblio1.mdp.edu.ar\/centro-ventas\/wp-json\/wp\/v2\/product"}],"about":[{"href":"https:\/\/biblio1.mdp.edu.ar\/centro-ventas\/wp-json\/wp\/v2\/types\/product"}],"wp:featuredmedia":[{"embeddable":true,"href":"https:\/\/biblio1.mdp.edu.ar\/centro-ventas\/wp-json\/wp\/v2\/media\/1306"}],"wp:attachment":[{"href":"https:\/\/biblio1.mdp.edu.ar\/centro-ventas\/wp-json\/wp\/v2\/media?parent=1305"}],"wp:term":[{"taxonomy":"product_cat","embeddable":true,"href":"https:\/\/biblio1.mdp.edu.ar\/centro-ventas\/wp-json\/wp\/v2\/product_cat?post=1305"},{"taxonomy":"product_tag","embeddable":true,"href":"https:\/\/biblio1.mdp.edu.ar\/centro-ventas\/wp-json\/wp\/v2\/product_tag?post=1305"}],"curies":[{"name":"wp","href":"https:\/\/api.w.org\/{rel}","templated":true}]}}