{"id":1301,"date":"2018-10-11T20:35:28","date_gmt":"2018-10-11T23:35:28","guid":{"rendered":"http:\/\/biblio1.mdp.edu.ar\/centro-ventas\/?post_type=product&#038;p=1301"},"modified":"2025-09-01T17:43:01","modified_gmt":"2025-09-01T20:43:01","slug":"conservacion-de-soportes-audiovisuales","status":"publish","type":"product","link":"https:\/\/biblio1.mdp.edu.ar\/centro-ventas\/producto\/conservacion-de-soportes-audiovisuales\/","title":{"rendered":"Conservaci\u00f3n de soportes audiovisuales"},"content":{"rendered":"<p>Desde hace ya varios a\u00f1os las bibliotecas y los archivos ya no s\u00f3lo facilitan a sus usuarios materiales en soporte papel (libros, revistas, folletos, documentos, etc.) sino que la oferta se ha ampliado much\u00edsimo, incluyendo los nuevos (y no tan nuevos) soportes audiovisuales. Ante esta situaci\u00f3n los profesionales de la informaci\u00f3n se ven enfrentados a distintas alternativas tanto para su correcto procesamiento como para su preservaci\u00f3n y conservaci\u00f3n. El deterioro de estos materiales es casi inevitable con el paso del tiempo. Sus distintos componentes org\u00e1nicos no son eternos, pero adem\u00e1s presentan otro problema a\u00fan m\u00e1s grave, que es el cambio constante de formatos. As\u00ed, los soportes tradicionales como, por ejemplo, los discos de vinilo, en cincuenta a\u00f1os fueron reemplazados, en este caso por los discos compactos (CD) y, probablemente, en poco tiempo m\u00e1s \u00e9stos tambi\u00e9n ser\u00e1n superados tecnol\u00f3gicamente. La tradicional fotograf\u00eda en papel va siendo desplazada por la tecnolog\u00eda digital, con el peligro latente de que millones de im\u00e1genes se pierdan irremediablemente al no existir copias impresas que las preserven. Este panorama amerita dar una mirada t\u00e9cnica sobre la conservaci\u00f3n de: fotograf\u00edas, diapositivas, postales, microfichas, microfilms, pel\u00edculas de celuloide, cintas de video en sus diferentes variantes, DVD. En este libro se articulan los diferentes formatos teniendo en cuenta sus condiciones \u00f3ptimas de conservaci\u00f3n y de manipulaci\u00f3n en centros documentales, y los autores esperan que sus recomendaciones puedan servir de orientaci\u00f3n para los profesionales del mundo de la informaci\u00f3n que trabajan con documentos audiovisuales. Carlos Daniel Luirette, Raul Escandar. 9789871305384<\/p>\n","protected":false},"excerpt":{"rendered":"<p>Desde hace ya varios a\u00f1os las bibliotecas y los archivos ya no s\u00f3lo facilitan a sus usuarios materiales en soporte papel (libros, revistas, folletos, documentos, etc.) sino que la oferta se ha ampliado much\u00edsimo, incluyendo los nuevos (y no tan nuevos) soportes audiovisuales. Ante esta situaci\u00f3n los profesionales de la informaci\u00f3n se ven enfrentados a [&hellip;]<\/p>\n","protected":false},"featured_media":1302,"template":"","meta":{"_acf_changed":false,"_eb_attr":"","_crdt_document":"","_uag_custom_page_level_css":"","_editorskit_title_hidden":false,"_editorskit_reading_time":0,"_editorskit_is_block_options_detached":false,"_editorskit_block_options_position":"{}","site-sidebar-layout":"default","site-content-layout":"","ast-site-content-layout":"default","site-content-style":"default","site-sidebar-style":"default","ast-global-header-display":"","ast-banner-title-visibility":"","ast-main-header-display":"","ast-hfb-above-header-display":"","ast-hfb-below-header-display":"","ast-hfb-mobile-header-display":"","site-post-title":"","ast-breadcrumbs-content":"","ast-featured-img":"","footer-sml-layout":"","ast-disable-related-posts":"","theme-transparent-header-meta":"","adv-header-id-meta":"","stick-header-meta":"","header-above-stick-meta":"","header-main-stick-meta":"","header-below-stick-meta":"","astra-migrate-meta-layouts":"default","ast-page-background-enabled":"default","ast-page-background-meta":{"desktop":{"background-color":"var(--ast-global-color-4)","background-image":"","background-repeat":"repeat","background-position":"center center","background-size":"auto","background-attachment":"scroll","background-type":"","background-media":"","overlay-type":"","overlay-color":"","overlay-opacity":"","overlay-gradient":""},"tablet":{"background-color":"","background-image":"","background-repeat":"repeat","background-position":"center center","background-size":"auto","background-attachment":"scroll","background-type":"","background-media":"","overlay-type":"","overlay-color":"","overlay-opacity":"","overlay-gradient":""},"mobile":{"background-color":"","background-image":"","background-repeat":"repeat","background-position":"center center","background-size":"auto","background-attachment":"scroll","background-type":"","background-media":"","overlay-type":"","overlay-color":"","overlay-opacity":"","overlay-gradient":""}},"ast-content-background-meta":{"desktop":{"background-color":"var(--ast-global-color-5)","background-image":"","background-repeat":"repeat","background-position":"center center","background-size":"auto","background-attachment":"scroll","background-type":"","background-media":"","overlay-type":"","overlay-color":"","overlay-opacity":"","overlay-gradient":""},"tablet":{"background-color":"var(--ast-global-color-5)","background-image":"","background-repeat":"repeat","background-position":"center center","background-size":"auto","background-attachment":"scroll","background-type":"","background-media":"","overlay-type":"","overlay-color":"","overlay-opacity":"","overlay-gradient":""},"mobile":{"background-color":"var(--ast-global-color-5)","background-image":"","background-repeat":"repeat","background-position":"center center","background-size":"auto","background-attachment":"scroll","background-type":"","background-media":"","overlay-type":"","overlay-color":"","overlay-opacity":"","overlay-gradient":""}}},"product_cat":[74,28],"product_tag":[],"class_list":{"0":"post-1301","1":"product","2":"type-product","3":"status-publish","4":"has-post-thumbnail","6":"product_cat-alfagrama","7":"product_cat-libro","8":"desktop-align-left","9":"tablet-align-left","10":"mobile-align-left","12":"first","13":"instock","14":"shipping-taxable","15":"purchasable","16":"product-type-simple"},"acf":[],"uagb_featured_image_src":{"full":["https:\/\/biblio1.mdp.edu.ar\/centro-ventas\/wp-content\/uploads\/sites\/2\/2018\/10\/consAudiVis9789871305384_T.jpg",370,535,false],"thumbnail":["https:\/\/biblio1.mdp.edu.ar\/centro-ventas\/wp-content\/uploads\/sites\/2\/2018\/10\/consAudiVis9789871305384_T-150x150.jpg",150,150,true],"medium":["https:\/\/biblio1.mdp.edu.ar\/centro-ventas\/wp-content\/uploads\/sites\/2\/2018\/10\/consAudiVis9789871305384_T-207x300.jpg",207,300,true],"medium_large":["https:\/\/biblio1.mdp.edu.ar\/centro-ventas\/wp-content\/uploads\/sites\/2\/2018\/10\/consAudiVis9789871305384_T.jpg",370,535,false],"large":["https:\/\/biblio1.mdp.edu.ar\/centro-ventas\/wp-content\/uploads\/sites\/2\/2018\/10\/consAudiVis9789871305384_T.jpg",370,535,false],"1536x1536":["https:\/\/biblio1.mdp.edu.ar\/centro-ventas\/wp-content\/uploads\/sites\/2\/2018\/10\/consAudiVis9789871305384_T.jpg",370,535,false],"2048x2048":["https:\/\/biblio1.mdp.edu.ar\/centro-ventas\/wp-content\/uploads\/sites\/2\/2018\/10\/consAudiVis9789871305384_T.jpg",370,535,false],"woocommerce_thumbnail":["https:\/\/biblio1.mdp.edu.ar\/centro-ventas\/wp-content\/uploads\/sites\/2\/2018\/10\/consAudiVis9789871305384_T-250x361.jpg",250,361,true],"woocommerce_single":["https:\/\/biblio1.mdp.edu.ar\/centro-ventas\/wp-content\/uploads\/sites\/2\/2018\/10\/consAudiVis9789871305384_T.jpg",370,535,false],"woocommerce_gallery_thumbnail":["https:\/\/biblio1.mdp.edu.ar\/centro-ventas\/wp-content\/uploads\/sites\/2\/2018\/10\/consAudiVis9789871305384_T-100x100.jpg",100,100,true]},"uagb_author_info":{"display_name":"Cristina Bernabe","author_link":"https:\/\/biblio1.mdp.edu.ar\/centro-ventas\/author\/"},"uagb_comment_info":0,"uagb_excerpt":"Desde hace ya varios a\u00f1os las bibliotecas y los archivos ya no s\u00f3lo facilitan a sus usuarios materiales en soporte papel (libros, revistas, folletos, documentos, etc.) sino que la oferta se ha ampliado much\u00edsimo, incluyendo los nuevos (y no tan nuevos) soportes audiovisuales. Ante esta situaci\u00f3n los profesionales de la informaci\u00f3n se ven enfrentados a&hellip;","_links":{"self":[{"href":"https:\/\/biblio1.mdp.edu.ar\/centro-ventas\/wp-json\/wp\/v2\/product\/1301","targetHints":{"allow":["GET"]}}],"collection":[{"href":"https:\/\/biblio1.mdp.edu.ar\/centro-ventas\/wp-json\/wp\/v2\/product"}],"about":[{"href":"https:\/\/biblio1.mdp.edu.ar\/centro-ventas\/wp-json\/wp\/v2\/types\/product"}],"wp:featuredmedia":[{"embeddable":true,"href":"https:\/\/biblio1.mdp.edu.ar\/centro-ventas\/wp-json\/wp\/v2\/media\/1302"}],"wp:attachment":[{"href":"https:\/\/biblio1.mdp.edu.ar\/centro-ventas\/wp-json\/wp\/v2\/media?parent=1301"}],"wp:term":[{"taxonomy":"product_cat","embeddable":true,"href":"https:\/\/biblio1.mdp.edu.ar\/centro-ventas\/wp-json\/wp\/v2\/product_cat?post=1301"},{"taxonomy":"product_tag","embeddable":true,"href":"https:\/\/biblio1.mdp.edu.ar\/centro-ventas\/wp-json\/wp\/v2\/product_tag?post=1301"}],"curies":[{"name":"wp","href":"https:\/\/api.w.org\/{rel}","templated":true}]}}