{"id":1246,"date":"2018-10-10T16:53:33","date_gmt":"2018-10-10T19:53:33","guid":{"rendered":"http:\/\/biblio1.mdp.edu.ar\/centro-ventas\/?post_type=product&#038;p=1246"},"modified":"2023-02-10T03:25:16","modified_gmt":"2023-02-10T06:25:16","slug":"archivos-escolares-gestion-archivistica","status":"publish","type":"product","link":"https:\/\/biblio1.mdp.edu.ar\/centro-ventas\/producto\/archivos-escolares-gestion-archivistica\/","title":{"rendered":"Archivos escolares. Gesti\u00f3n archiv\u00edstica"},"content":{"rendered":"<p>El archivo escolar atesora un conjunto de documentos, de cualquier tipolog\u00eda o soporte, producidos org\u00e1nicamente o formados y utilizados por una instituci\u00f3n escolar en el ejercicio de sus actividades y en el desempe\u00f1o de sus funciones. Se considera el archivo escolar \u0096como sucede con todos los archivos\u0096 en su calidad de proceso vital que nace y crece con la instituci\u00f3n en la que est\u00e1 inserto; es precisamente en esta instituci\u00f3n escuela (jard\u00edn maternal, jard\u00edn de infantes, escuela primaria, colegio secundario, instituto terciario, universidad, etc.) donde el archivo escolar abreva y desde donde adquiere sus caracter\u00edsticas espec\u00edficas. El crecimiento del archivo en relaci\u00f3n con la propia instituci\u00f3n escolar hace que podamos determinar momentos en la gesti\u00f3n de la documentaci\u00f3n escolar y en su propio devenir hist\u00f3rico: de ah\u00ed que hablemos de archivo escolar hist\u00f3rico, archivo escolar intermedio y archivo escolar de gesti\u00f3n. La obra propone estudiar la naturaleza del archivo escolar y luego desarrollar una propuesta sobre las acciones \u0096a nuestro juicio necesarias\u0096 para establecer un adecuado ciclo para su organizaci\u00f3n, tiendo en cuenta previsiones y estrategias con vistas a su implementaci\u00f3n. Este plan de trabajo concluye con la consideraci\u00f3n del archivo escolar como testigo de un modo de concebir la educaci\u00f3n y de un contexto social determinado en tanto testimonio y memoria social. Como anexo se presenta el Programa Nacional de Archivos Escolares, del Ministerio de Educaci\u00f3n de Argentina, vigente desde 2007 y que es un ejemplo de la consideraci\u00f3n hist\u00f3rica del archivo escolar. Son destinatarios de este libro los estudiantes y profesionales de la disciplina archiv\u00edstica y las autoridades de las diversas instituciones escolares.<\/p>\n<p class=\"product_title entry-title\">Mastropierro, Mar\u00eda del Carmen 9789871305773<\/p>\n<p>&nbsp;<\/p>\n","protected":false},"excerpt":{"rendered":"<p>El archivo escolar atesora un conjunto de documentos, de cualquier tipolog\u00eda o soporte, producidos org\u00e1nicamente o formados y utilizados por una instituci\u00f3n escolar en el ejercicio de sus actividades y en el desempe\u00f1o de sus funciones. Se considera el archivo escolar \u0096como sucede con todos los archivos\u0096 en su calidad de proceso vital que nace [&hellip;]<\/p>\n","protected":false},"featured_media":1247,"template":"","meta":{"_acf_changed":false,"_eb_attr":"","_crdt_document":"","_uag_custom_page_level_css":"","_editorskit_title_hidden":false,"_editorskit_reading_time":0,"_editorskit_is_block_options_detached":false,"_editorskit_block_options_position":"{}","site-sidebar-layout":"default","site-content-layout":"","ast-site-content-layout":"default","site-content-style":"default","site-sidebar-style":"default","ast-global-header-display":"","ast-banner-title-visibility":"","ast-main-header-display":"","ast-hfb-above-header-display":"","ast-hfb-below-header-display":"","ast-hfb-mobile-header-display":"","site-post-title":"","ast-breadcrumbs-content":"","ast-featured-img":"","footer-sml-layout":"","ast-disable-related-posts":"","theme-transparent-header-meta":"","adv-header-id-meta":"","stick-header-meta":"","header-above-stick-meta":"","header-main-stick-meta":"","header-below-stick-meta":"","astra-migrate-meta-layouts":"default","ast-page-background-enabled":"default","ast-page-background-meta":{"desktop":{"background-color":"var(--ast-global-color-4)","background-image":"","background-repeat":"repeat","background-position":"center center","background-size":"auto","background-attachment":"scroll","background-type":"","background-media":"","overlay-type":"","overlay-color":"","overlay-opacity":"","overlay-gradient":""},"tablet":{"background-color":"","background-image":"","background-repeat":"repeat","background-position":"center center","background-size":"auto","background-attachment":"scroll","background-type":"","background-media":"","overlay-type":"","overlay-color":"","overlay-opacity":"","overlay-gradient":""},"mobile":{"background-color":"","background-image":"","background-repeat":"repeat","background-position":"center center","background-size":"auto","background-attachment":"scroll","background-type":"","background-media":"","overlay-type":"","overlay-color":"","overlay-opacity":"","overlay-gradient":""}},"ast-content-background-meta":{"desktop":{"background-color":"var(--ast-global-color-5)","background-image":"","background-repeat":"repeat","background-position":"center center","background-size":"auto","background-attachment":"scroll","background-type":"","background-media":"","overlay-type":"","overlay-color":"","overlay-opacity":"","overlay-gradient":""},"tablet":{"background-color":"var(--ast-global-color-5)","background-image":"","background-repeat":"repeat","background-position":"center center","background-size":"auto","background-attachment":"scroll","background-type":"","background-media":"","overlay-type":"","overlay-color":"","overlay-opacity":"","overlay-gradient":""},"mobile":{"background-color":"var(--ast-global-color-5)","background-image":"","background-repeat":"repeat","background-position":"center center","background-size":"auto","background-attachment":"scroll","background-type":"","background-media":"","overlay-type":"","overlay-color":"","overlay-opacity":"","overlay-gradient":""}}},"product_cat":[74,28],"product_tag":[],"class_list":{"0":"post-1246","1":"product","2":"type-product","3":"status-publish","4":"has-post-thumbnail","6":"product_cat-alfagrama","7":"product_cat-libro","8":"desktop-align-left","9":"tablet-align-left","10":"mobile-align-left","12":"first","13":"outofstock","14":"shipping-taxable","15":"product-type-simple"},"acf":[],"uagb_featured_image_src":{"full":["https:\/\/biblio1.mdp.edu.ar\/centro-ventas\/wp-content\/uploads\/sites\/2\/2018\/10\/ArchivosEscolares9789871305773_T-1.jpg",370,537,false],"thumbnail":["https:\/\/biblio1.mdp.edu.ar\/centro-ventas\/wp-content\/uploads\/sites\/2\/2018\/10\/ArchivosEscolares9789871305773_T-1-150x150.jpg",150,150,true],"medium":["https:\/\/biblio1.mdp.edu.ar\/centro-ventas\/wp-content\/uploads\/sites\/2\/2018\/10\/ArchivosEscolares9789871305773_T-1-207x300.jpg",207,300,true],"medium_large":["https:\/\/biblio1.mdp.edu.ar\/centro-ventas\/wp-content\/uploads\/sites\/2\/2018\/10\/ArchivosEscolares9789871305773_T-1.jpg",370,537,false],"large":["https:\/\/biblio1.mdp.edu.ar\/centro-ventas\/wp-content\/uploads\/sites\/2\/2018\/10\/ArchivosEscolares9789871305773_T-1.jpg",370,537,false],"1536x1536":["https:\/\/biblio1.mdp.edu.ar\/centro-ventas\/wp-content\/uploads\/sites\/2\/2018\/10\/ArchivosEscolares9789871305773_T-1.jpg",370,537,false],"2048x2048":["https:\/\/biblio1.mdp.edu.ar\/centro-ventas\/wp-content\/uploads\/sites\/2\/2018\/10\/ArchivosEscolares9789871305773_T-1.jpg",370,537,false],"woocommerce_thumbnail":["https:\/\/biblio1.mdp.edu.ar\/centro-ventas\/wp-content\/uploads\/sites\/2\/2018\/10\/ArchivosEscolares9789871305773_T-1-250x363.jpg",250,363,true],"woocommerce_single":["https:\/\/biblio1.mdp.edu.ar\/centro-ventas\/wp-content\/uploads\/sites\/2\/2018\/10\/ArchivosEscolares9789871305773_T-1.jpg",370,537,false],"woocommerce_gallery_thumbnail":["https:\/\/biblio1.mdp.edu.ar\/centro-ventas\/wp-content\/uploads\/sites\/2\/2018\/10\/ArchivosEscolares9789871305773_T-1-100x100.jpg",100,100,true]},"uagb_author_info":{"display_name":"Cristina Bernabe","author_link":"https:\/\/biblio1.mdp.edu.ar\/centro-ventas\/author\/"},"uagb_comment_info":0,"uagb_excerpt":"El archivo escolar atesora un conjunto de documentos, de cualquier tipolog\u00eda o soporte, producidos org\u00e1nicamente o formados y utilizados por una instituci\u00f3n escolar en el ejercicio de sus actividades y en el desempe\u00f1o de sus funciones. Se considera el archivo escolar \u0096como sucede con todos los archivos\u0096 en su calidad de proceso vital que nace&hellip;","_links":{"self":[{"href":"https:\/\/biblio1.mdp.edu.ar\/centro-ventas\/wp-json\/wp\/v2\/product\/1246","targetHints":{"allow":["GET"]}}],"collection":[{"href":"https:\/\/biblio1.mdp.edu.ar\/centro-ventas\/wp-json\/wp\/v2\/product"}],"about":[{"href":"https:\/\/biblio1.mdp.edu.ar\/centro-ventas\/wp-json\/wp\/v2\/types\/product"}],"wp:featuredmedia":[{"embeddable":true,"href":"https:\/\/biblio1.mdp.edu.ar\/centro-ventas\/wp-json\/wp\/v2\/media\/1247"}],"wp:attachment":[{"href":"https:\/\/biblio1.mdp.edu.ar\/centro-ventas\/wp-json\/wp\/v2\/media?parent=1246"}],"wp:term":[{"taxonomy":"product_cat","embeddable":true,"href":"https:\/\/biblio1.mdp.edu.ar\/centro-ventas\/wp-json\/wp\/v2\/product_cat?post=1246"},{"taxonomy":"product_tag","embeddable":true,"href":"https:\/\/biblio1.mdp.edu.ar\/centro-ventas\/wp-json\/wp\/v2\/product_tag?post=1246"}],"curies":[{"name":"wp","href":"https:\/\/api.w.org\/{rel}","templated":true}]}}