{"id":1244,"date":"2018-10-10T16:47:36","date_gmt":"2018-10-10T19:47:36","guid":{"rendered":"http:\/\/biblio1.mdp.edu.ar\/centro-ventas\/?post_type=product&#038;p=1244"},"modified":"2025-09-01T17:36:46","modified_gmt":"2025-09-01T20:36:46","slug":"archivos-de-empresa","status":"publish","type":"product","link":"https:\/\/biblio1.mdp.edu.ar\/centro-ventas\/producto\/archivos-de-empresa\/","title":{"rendered":"Archivos de Empresa"},"content":{"rendered":"<div class=\"container\">\n<div class=\"right-detail content-tab col-md-8 col-sm-12 col-xs-12 book-center\">\n<div id=\"over-view\" class=\"book-desc-detail book-tab-show\">\n<p>Teniendo en cuenta el mundo cada vez m\u00e1s globalizado que estamos viviendo en los inicios del siglo XXI, el actuar empresarial lo vemos reflejado d\u00eda a d\u00eda en permanentes cambios, especialmente fusiones de capitales, grandes consorcios, alianzas y un ritmo sin fin en las m\u00e1s importantes bolsas de valores tanto de Am\u00e9rica como de Asia y Europa, reguladas por las normas del mercado financiero, el cual est\u00e1 compuesto por sociedades comerciales de diversos tipos. Detr\u00e1s de todo este movimiento se maneja la informaci\u00f3n, delicado punto en este tema seg\u00fan el uso que se le d\u00e9, y entonces nos preguntamos d\u00f3nde est\u00e1 la fuente de la informaci\u00f3n, siendo la respuesta obvia que se encontrar\u00e1 en el archivo de la empresa. \u00c9ste representa la historia de c\u00f3mo llega a forjarse, su actuar y su crecimiento reflejado en los resultados, lo que hace que una empresa logre permanecer en el tiempo exitosamente o simplemente desaparezca; as\u00ed lo vemos especialmente \u00bfy como se cita en este libro\u00bf en algunos pa\u00edses europeos como Alemania, Espa\u00f1a, Francia, Inglaterra e Italia, y tambi\u00e9n algunos ejemplos en Am\u00e9rica Latina, como Brasil, Colombia y Costa Rica, adem\u00e1s del caso de Argentina. El aporte de las empresas es m\u00faltiple, sobre todo a partir, l\u00f3gicamente, de la Revoluci\u00f3n Industrial, pues en primer lugar generan empleo y adem\u00e1s acrecientan el patrimonio financiero a trav\u00e9s de la tributaci\u00f3n al Estado, vale decir, son un complemento vital para el desarrollo social en conjunto, por lo que tambi\u00e9n se las relaciona directamente con el mundo del trabajo y de los trabajadores. En el presente libro, las autoras abordan la tem\u00e1tica del archivo de empresa pregunt\u00e1ndose primeramente si la empresa est\u00e1 en el \u00e1mbito de la sociedad de la informaci\u00f3n o en el \u00e1mbito de la sociedad del conocimiento, haci\u00e9ndonos ver que el archivo de empresa se puede catalogar como un archivo de car\u00e1cter institucional y que por tanto surge la necesidad de su creaci\u00f3n; bien sabemos que sin \u00e9ste no hay testimonio documental, sea hist\u00f3rico, administrativo o financiero, y que al crearse requiere indispensablemente de ser organizado debidamente, para lo cual nos presentan un completo desarrollo de un sistema de informaci\u00f3n archiv\u00edstico, considerando evidentemente la aplicaci\u00f3n de las herramientas tecnol\u00f3gicas. Finalmente, y dentro del contexto de la historia econ\u00f3mica, cabe recalcar que los archivos econ\u00f3micos representados de manera especial por los archivos de empresa son un valioso aporte al patrimonio documental; en el fondo, a la memoria. Tambi\u00e9n es importante se\u00f1alar que el Consejo Internacional de Archivos posee una secci\u00f3n dedicada a los archivos de empresa y del trabajo, demostrando as\u00ed la preocupaci\u00f3n de la comunidad internacional por este tipo de archivos y por lo que ellos significan. Un sincero agradecimiento a las autoras por este aporte a la profesionalizaci\u00f3n archiv\u00edstica, y a Alfagrama Ediciones por su persistencia en la difusi\u00f3n de la tem\u00e1tica.<\/p>\n<p><span class=\"detail-desc box-detail-desc\">Mastropierro, Mar\u00eda del CarmenMastropierro. 9789871305506<\/span><\/p>\n<\/div>\n<\/div>\n<\/div>\n<div class=\"container border\"><\/div>\n<div class=\"product_meta\"><\/div>\n<h1 class=\"product_title entry-title\"><\/h1>\n<p>&nbsp;<\/p>\n","protected":false},"excerpt":{"rendered":"<p>Teniendo en cuenta el mundo cada vez m\u00e1s globalizado que estamos viviendo en los inicios del siglo XXI, el actuar empresarial lo vemos reflejado d\u00eda a d\u00eda en permanentes cambios, especialmente fusiones de capitales, grandes consorcios, alianzas y un ritmo sin fin en las m\u00e1s importantes bolsas de valores tanto de Am\u00e9rica como de Asia [&hellip;]<\/p>\n","protected":false},"featured_media":1245,"template":"","meta":{"_acf_changed":false,"_eb_attr":"","_crdt_document":"","_uag_custom_page_level_css":"","_editorskit_title_hidden":false,"_editorskit_reading_time":0,"_editorskit_is_block_options_detached":false,"_editorskit_block_options_position":"{}","site-sidebar-layout":"default","site-content-layout":"","ast-site-content-layout":"default","site-content-style":"default","site-sidebar-style":"default","ast-global-header-display":"","ast-banner-title-visibility":"","ast-main-header-display":"","ast-hfb-above-header-display":"","ast-hfb-below-header-display":"","ast-hfb-mobile-header-display":"","site-post-title":"","ast-breadcrumbs-content":"","ast-featured-img":"","footer-sml-layout":"","ast-disable-related-posts":"","theme-transparent-header-meta":"","adv-header-id-meta":"","stick-header-meta":"","header-above-stick-meta":"","header-main-stick-meta":"","header-below-stick-meta":"","astra-migrate-meta-layouts":"default","ast-page-background-enabled":"default","ast-page-background-meta":{"desktop":{"background-color":"var(--ast-global-color-4)","background-image":"","background-repeat":"repeat","background-position":"center center","background-size":"auto","background-attachment":"scroll","background-type":"","background-media":"","overlay-type":"","overlay-color":"","overlay-opacity":"","overlay-gradient":""},"tablet":{"background-color":"","background-image":"","background-repeat":"repeat","background-position":"center center","background-size":"auto","background-attachment":"scroll","background-type":"","background-media":"","overlay-type":"","overlay-color":"","overlay-opacity":"","overlay-gradient":""},"mobile":{"background-color":"","background-image":"","background-repeat":"repeat","background-position":"center center","background-size":"auto","background-attachment":"scroll","background-type":"","background-media":"","overlay-type":"","overlay-color":"","overlay-opacity":"","overlay-gradient":""}},"ast-content-background-meta":{"desktop":{"background-color":"var(--ast-global-color-5)","background-image":"","background-repeat":"repeat","background-position":"center center","background-size":"auto","background-attachment":"scroll","background-type":"","background-media":"","overlay-type":"","overlay-color":"","overlay-opacity":"","overlay-gradient":""},"tablet":{"background-color":"var(--ast-global-color-5)","background-image":"","background-repeat":"repeat","background-position":"center center","background-size":"auto","background-attachment":"scroll","background-type":"","background-media":"","overlay-type":"","overlay-color":"","overlay-opacity":"","overlay-gradient":""},"mobile":{"background-color":"var(--ast-global-color-5)","background-image":"","background-repeat":"repeat","background-position":"center center","background-size":"auto","background-attachment":"scroll","background-type":"","background-media":"","overlay-type":"","overlay-color":"","overlay-opacity":"","overlay-gradient":""}}},"product_cat":[74,28],"product_tag":[],"class_list":{"0":"post-1244","1":"product","2":"type-product","3":"status-publish","4":"has-post-thumbnail","6":"product_cat-alfagrama","7":"product_cat-libro","8":"desktop-align-left","9":"tablet-align-left","10":"mobile-align-left","12":"first","13":"instock","14":"shipping-taxable","15":"purchasable","16":"product-type-simple"},"acf":[],"uagb_featured_image_src":{"full":["https:\/\/biblio1.mdp.edu.ar\/centro-ventas\/wp-content\/uploads\/sites\/2\/2018\/10\/ArchivosDeEmpresa9789871305506_T-1.jpg",370,533,false],"thumbnail":["https:\/\/biblio1.mdp.edu.ar\/centro-ventas\/wp-content\/uploads\/sites\/2\/2018\/10\/ArchivosDeEmpresa9789871305506_T-1-150x150.jpg",150,150,true],"medium":["https:\/\/biblio1.mdp.edu.ar\/centro-ventas\/wp-content\/uploads\/sites\/2\/2018\/10\/ArchivosDeEmpresa9789871305506_T-1-208x300.jpg",208,300,true],"medium_large":["https:\/\/biblio1.mdp.edu.ar\/centro-ventas\/wp-content\/uploads\/sites\/2\/2018\/10\/ArchivosDeEmpresa9789871305506_T-1.jpg",370,533,false],"large":["https:\/\/biblio1.mdp.edu.ar\/centro-ventas\/wp-content\/uploads\/sites\/2\/2018\/10\/ArchivosDeEmpresa9789871305506_T-1.jpg",370,533,false],"1536x1536":["https:\/\/biblio1.mdp.edu.ar\/centro-ventas\/wp-content\/uploads\/sites\/2\/2018\/10\/ArchivosDeEmpresa9789871305506_T-1.jpg",370,533,false],"2048x2048":["https:\/\/biblio1.mdp.edu.ar\/centro-ventas\/wp-content\/uploads\/sites\/2\/2018\/10\/ArchivosDeEmpresa9789871305506_T-1.jpg",370,533,false],"woocommerce_thumbnail":["https:\/\/biblio1.mdp.edu.ar\/centro-ventas\/wp-content\/uploads\/sites\/2\/2018\/10\/ArchivosDeEmpresa9789871305506_T-1-250x360.jpg",250,360,true],"woocommerce_single":["https:\/\/biblio1.mdp.edu.ar\/centro-ventas\/wp-content\/uploads\/sites\/2\/2018\/10\/ArchivosDeEmpresa9789871305506_T-1.jpg",370,533,false],"woocommerce_gallery_thumbnail":["https:\/\/biblio1.mdp.edu.ar\/centro-ventas\/wp-content\/uploads\/sites\/2\/2018\/10\/ArchivosDeEmpresa9789871305506_T-1-100x100.jpg",100,100,true]},"uagb_author_info":{"display_name":"Cristina Bernabe","author_link":"https:\/\/biblio1.mdp.edu.ar\/centro-ventas\/author\/"},"uagb_comment_info":0,"uagb_excerpt":"Teniendo en cuenta el mundo cada vez m\u00e1s globalizado que estamos viviendo en los inicios del siglo XXI, el actuar empresarial lo vemos reflejado d\u00eda a d\u00eda en permanentes cambios, especialmente fusiones de capitales, grandes consorcios, alianzas y un ritmo sin fin en las m\u00e1s importantes bolsas de valores tanto de Am\u00e9rica como de Asia&hellip;","_links":{"self":[{"href":"https:\/\/biblio1.mdp.edu.ar\/centro-ventas\/wp-json\/wp\/v2\/product\/1244","targetHints":{"allow":["GET"]}}],"collection":[{"href":"https:\/\/biblio1.mdp.edu.ar\/centro-ventas\/wp-json\/wp\/v2\/product"}],"about":[{"href":"https:\/\/biblio1.mdp.edu.ar\/centro-ventas\/wp-json\/wp\/v2\/types\/product"}],"wp:featuredmedia":[{"embeddable":true,"href":"https:\/\/biblio1.mdp.edu.ar\/centro-ventas\/wp-json\/wp\/v2\/media\/1245"}],"wp:attachment":[{"href":"https:\/\/biblio1.mdp.edu.ar\/centro-ventas\/wp-json\/wp\/v2\/media?parent=1244"}],"wp:term":[{"taxonomy":"product_cat","embeddable":true,"href":"https:\/\/biblio1.mdp.edu.ar\/centro-ventas\/wp-json\/wp\/v2\/product_cat?post=1244"},{"taxonomy":"product_tag","embeddable":true,"href":"https:\/\/biblio1.mdp.edu.ar\/centro-ventas\/wp-json\/wp\/v2\/product_tag?post=1244"}],"curies":[{"name":"wp","href":"https:\/\/api.w.org\/{rel}","templated":true}]}}