{"id":1242,"date":"2018-10-10T16:19:48","date_gmt":"2018-10-10T19:19:48","guid":{"rendered":"http:\/\/biblio1.mdp.edu.ar\/centro-ventas\/?post_type=product&#038;p=1242"},"modified":"2025-09-01T17:35:06","modified_gmt":"2025-09-01T20:35:06","slug":"archivistica-y-normalizacion-norma-iso-15489","status":"publish","type":"product","link":"https:\/\/biblio1.mdp.edu.ar\/centro-ventas\/producto\/archivistica-y-normalizacion-norma-iso-15489\/","title":{"rendered":"Archiv\u00edstica y normalizaci\u00f3n: norma ISO 15489"},"content":{"rendered":"<p>&nbsp;<\/p>\n<div class=\"product_meta\">\n<p>La normalizaci\u00f3n es un aspecto importante en la vida de los documentos. Tanto para el documento en gesti\u00f3n como para el documento conservado definitivamente, estaba pendiente en el \u00e1mbito internacional el establecimiento de pautas generales, como normas de acatamiento voluntario. A trav\u00e9s de la gesti\u00f3n de organizaciones internacionales que trabajan en conjunto, es posible garantizar, con el seguimiento de los procedimientos prescritos en dichas normas, el buen funcionamiento del aspecto que abarcan. En este caso, la aplicaci\u00f3n y certificaci\u00f3n de las ISO 15489 garantiza que una instituci\u00f3n cree, capture y administre los documentos adecuados. La archiv\u00edstica no est\u00e1 ausente en los m\u00e9todos y procesos aplicados en la gesti\u00f3n de documentos. Por su \u00edndole requieren en su fase prearchiv\u00edstica un tratamiento m\u00e1s \u00e1gil y controlado, de manera que el documento se convierta en parte integrante y en factor condicionante de la administraci\u00f3n de una instituci\u00f3n. La archiv\u00edstica ha desarrollado t\u00e9cnicas de tratamiento documental que no pueden ser pasadas por alto por los gestores de documentos. El presente trabajo tiene por objetivo presentar una interpretaci\u00f3n explicativa en idioma espa\u00f1ol de las normas internacionales ISO 15489, de reciente aparici\u00f3n. Como profesionales archivistas, no podemos dejar de lado los aspectos que hacen a nuestra disciplina y que son tomados en cuenta en las normas mencionadas.<\/p>\n<p>Taboada Cardoso, Federico. 9871305044<\/p><\/div>\n<h1 class=\"product_title entry-title\"><\/h1>\n","protected":false},"excerpt":{"rendered":"<p>&nbsp; La normalizaci\u00f3n es un aspecto importante en la vida de los documentos. Tanto para el documento en gesti\u00f3n como para el documento conservado definitivamente, estaba pendiente en el \u00e1mbito internacional el establecimiento de pautas generales, como normas de acatamiento voluntario. A trav\u00e9s de la gesti\u00f3n de organizaciones internacionales que trabajan en conjunto, es posible [&hellip;]<\/p>\n","protected":false},"featured_media":1243,"template":"","meta":{"_acf_changed":false,"_eb_attr":"","_crdt_document":"","_uag_custom_page_level_css":"","_editorskit_title_hidden":false,"_editorskit_reading_time":0,"_editorskit_is_block_options_detached":false,"_editorskit_block_options_position":"{}","site-sidebar-layout":"default","site-content-layout":"","ast-site-content-layout":"default","site-content-style":"default","site-sidebar-style":"default","ast-global-header-display":"","ast-banner-title-visibility":"","ast-main-header-display":"","ast-hfb-above-header-display":"","ast-hfb-below-header-display":"","ast-hfb-mobile-header-display":"","site-post-title":"","ast-breadcrumbs-content":"","ast-featured-img":"","footer-sml-layout":"","ast-disable-related-posts":"","theme-transparent-header-meta":"","adv-header-id-meta":"","stick-header-meta":"","header-above-stick-meta":"","header-main-stick-meta":"","header-below-stick-meta":"","astra-migrate-meta-layouts":"default","ast-page-background-enabled":"default","ast-page-background-meta":{"desktop":{"background-color":"var(--ast-global-color-4)","background-image":"","background-repeat":"repeat","background-position":"center center","background-size":"auto","background-attachment":"scroll","background-type":"","background-media":"","overlay-type":"","overlay-color":"","overlay-opacity":"","overlay-gradient":""},"tablet":{"background-color":"","background-image":"","background-repeat":"repeat","background-position":"center center","background-size":"auto","background-attachment":"scroll","background-type":"","background-media":"","overlay-type":"","overlay-color":"","overlay-opacity":"","overlay-gradient":""},"mobile":{"background-color":"","background-image":"","background-repeat":"repeat","background-position":"center center","background-size":"auto","background-attachment":"scroll","background-type":"","background-media":"","overlay-type":"","overlay-color":"","overlay-opacity":"","overlay-gradient":""}},"ast-content-background-meta":{"desktop":{"background-color":"var(--ast-global-color-5)","background-image":"","background-repeat":"repeat","background-position":"center center","background-size":"auto","background-attachment":"scroll","background-type":"","background-media":"","overlay-type":"","overlay-color":"","overlay-opacity":"","overlay-gradient":""},"tablet":{"background-color":"var(--ast-global-color-5)","background-image":"","background-repeat":"repeat","background-position":"center center","background-size":"auto","background-attachment":"scroll","background-type":"","background-media":"","overlay-type":"","overlay-color":"","overlay-opacity":"","overlay-gradient":""},"mobile":{"background-color":"var(--ast-global-color-5)","background-image":"","background-repeat":"repeat","background-position":"center center","background-size":"auto","background-attachment":"scroll","background-type":"","background-media":"","overlay-type":"","overlay-color":"","overlay-opacity":"","overlay-gradient":""}}},"product_cat":[74,28],"product_tag":[],"class_list":{"0":"post-1242","1":"product","2":"type-product","3":"status-publish","4":"has-post-thumbnail","6":"product_cat-alfagrama","7":"product_cat-libro","8":"desktop-align-left","9":"tablet-align-left","10":"mobile-align-left","12":"first","13":"instock","14":"shipping-taxable","15":"purchasable","16":"product-type-simple"},"acf":[],"uagb_featured_image_src":{"full":["https:\/\/biblio1.mdp.edu.ar\/centro-ventas\/wp-content\/uploads\/sites\/2\/2018\/10\/ArchivisticaYnormalizaci\u00f3n-9871305044_T-1.jpg",370,550,false],"thumbnail":["https:\/\/biblio1.mdp.edu.ar\/centro-ventas\/wp-content\/uploads\/sites\/2\/2018\/10\/ArchivisticaYnormalizaci\u00f3n-9871305044_T-1-150x150.jpg",150,150,true],"medium":["https:\/\/biblio1.mdp.edu.ar\/centro-ventas\/wp-content\/uploads\/sites\/2\/2018\/10\/ArchivisticaYnormalizaci\u00f3n-9871305044_T-1-202x300.jpg",202,300,true],"medium_large":["https:\/\/biblio1.mdp.edu.ar\/centro-ventas\/wp-content\/uploads\/sites\/2\/2018\/10\/ArchivisticaYnormalizaci\u00f3n-9871305044_T-1.jpg",370,550,false],"large":["https:\/\/biblio1.mdp.edu.ar\/centro-ventas\/wp-content\/uploads\/sites\/2\/2018\/10\/ArchivisticaYnormalizaci\u00f3n-9871305044_T-1.jpg",370,550,false],"1536x1536":["https:\/\/biblio1.mdp.edu.ar\/centro-ventas\/wp-content\/uploads\/sites\/2\/2018\/10\/ArchivisticaYnormalizaci\u00f3n-9871305044_T-1.jpg",370,550,false],"2048x2048":["https:\/\/biblio1.mdp.edu.ar\/centro-ventas\/wp-content\/uploads\/sites\/2\/2018\/10\/ArchivisticaYnormalizaci\u00f3n-9871305044_T-1.jpg",370,550,false],"woocommerce_thumbnail":["https:\/\/biblio1.mdp.edu.ar\/centro-ventas\/wp-content\/uploads\/sites\/2\/2018\/10\/ArchivisticaYnormalizaci\u00f3n-9871305044_T-1-250x372.jpg",250,372,true],"woocommerce_single":["https:\/\/biblio1.mdp.edu.ar\/centro-ventas\/wp-content\/uploads\/sites\/2\/2018\/10\/ArchivisticaYnormalizaci\u00f3n-9871305044_T-1.jpg",370,550,false],"woocommerce_gallery_thumbnail":["https:\/\/biblio1.mdp.edu.ar\/centro-ventas\/wp-content\/uploads\/sites\/2\/2018\/10\/ArchivisticaYnormalizaci\u00f3n-9871305044_T-1-100x100.jpg",100,100,true]},"uagb_author_info":{"display_name":"Cristina Bernabe","author_link":"https:\/\/biblio1.mdp.edu.ar\/centro-ventas\/author\/"},"uagb_comment_info":0,"uagb_excerpt":"&nbsp; La normalizaci\u00f3n es un aspecto importante en la vida de los documentos. Tanto para el documento en gesti\u00f3n como para el documento conservado definitivamente, estaba pendiente en el \u00e1mbito internacional el establecimiento de pautas generales, como normas de acatamiento voluntario. A trav\u00e9s de la gesti\u00f3n de organizaciones internacionales que trabajan en conjunto, es posible&hellip;","_links":{"self":[{"href":"https:\/\/biblio1.mdp.edu.ar\/centro-ventas\/wp-json\/wp\/v2\/product\/1242","targetHints":{"allow":["GET"]}}],"collection":[{"href":"https:\/\/biblio1.mdp.edu.ar\/centro-ventas\/wp-json\/wp\/v2\/product"}],"about":[{"href":"https:\/\/biblio1.mdp.edu.ar\/centro-ventas\/wp-json\/wp\/v2\/types\/product"}],"wp:featuredmedia":[{"embeddable":true,"href":"https:\/\/biblio1.mdp.edu.ar\/centro-ventas\/wp-json\/wp\/v2\/media\/1243"}],"wp:attachment":[{"href":"https:\/\/biblio1.mdp.edu.ar\/centro-ventas\/wp-json\/wp\/v2\/media?parent=1242"}],"wp:term":[{"taxonomy":"product_cat","embeddable":true,"href":"https:\/\/biblio1.mdp.edu.ar\/centro-ventas\/wp-json\/wp\/v2\/product_cat?post=1242"},{"taxonomy":"product_tag","embeddable":true,"href":"https:\/\/biblio1.mdp.edu.ar\/centro-ventas\/wp-json\/wp\/v2\/product_tag?post=1242"}],"curies":[{"name":"wp","href":"https:\/\/api.w.org\/{rel}","templated":true}]}}